NOAA-Style Climate Reports


Report for 2015 December
                   Monthly Climatological Summary for Dec 2015

Name: BLS Arnold,Ca   City: Arnold   State: Ca
Elevation: 4450 ft  Lat: N 38° 15' 03"   Lon: W 120° 21' 18"

                  Temperature (°F), Rain (in), Wind Speed (mph)

                                      Heat  Cool        Avg
    Mean                              Deg   Deg         Wind                 Dom
Day Temp  High   Time   Low    Time   Days  Days  Rain  Speed High   Time    Dir
----------------------------------------------------------------------------------
 1  42.0  48.9   13:17  36.6   01:41   0.0  23.7  0.01   0.3   5.0   11:49   WNW
 2  49.0  56.1   13:50  43.3   02:11   0.0  30.7  0.00   0.1   4.0   04:42     W
 3  44.9  54.7   11:38  34.1   18:34   0.0  26.6  0.47   0.3  10.0   08:15    SE
 4  37.4  42.9   12:33  32.5   06:03   0.0  19.1  0.01   0.2   5.0   11:35   WNW
 5  43.8  50.9   11:53  35.9   02:14   0.0  25.5  0.00   0.0   5.0   14:49     W
 6  48.1  55.3   11:37  44.3   04:21   0.0  29.8  0.00   0.2   5.0   10:32     W
 7  51.6  57.4   11:50  46.8   00:09   0.0  33.3  0.00   0.5   3.0   19:16   WNW
 8  52.3  57.9   12:51  47.5   23:27   0.0  34.0  0.00   0.6   4.0   04:29   WNW
 9  50.1  54.9   14:00  45.0   07:35   0.0  31.8  0.00   0.2   3.0   07:00   WNW
10  40.8  49.6   00:25  31.9   23:58   0.0  22.5  1.41   0.1   9.0   08:57    SE
11  31.4  34.5   16:39  28.8   23:59   0.0   5.8  0.07   0.0   1.0   02:08   WNW
12  34.1  40.3   14:18  27.4   01:34   0.0  15.8  0.00   0.3   3.0   13:09   WNW
13  33.6  38.5   00:20  27.3   23:42   0.0  15.3  0.80   0.3   8.0   18:31    SE
14  27.8  33.7   14:01  22.7   23:38   0.0   9.5  0.00   0.3   4.0   22:41   WNW
15  28.9  36.3   12:47  23.1   00:28   0.0  10.7  0.00   1.0   9.0   10:27     W
16  32.2  38.9   11:39  26.3   05:44   0.0  13.9  0.02   0.2   3.0   01:45   WNW
17  38.7  44.5   11:46  33.3   00:17   0.0  20.4  0.08   0.3   3.0   12:21   WNW
18  41.5  45.9   14:24  38.1   00:00   0.0  23.3  0.00   0.0   5.0   23:57   ESE
19  33.1  39.6   00:10  29.3   23:42   0.0  14.8  0.00   0.1  14.0   02:10   ESE
20  31.1  34.8   22:49  27.4   04:47   0.0  12.2  0.01   0.1   5.0   13:39   ESE
21  38.6  41.6   21:57  34.4   00:00   0.0  20.3  0.00   0.1   5.0   13:54    SE
22  42.1  45.4   11:59  38.3   23:49   0.0  23.8  4.00   0.0   4.0   03:51     E
23  34.2  38.5   12:41  28.0   23:40   0.0  15.9  0.00   0.2   6.0   12:50    SW
24  28.5  30.7   14:01  24.7   23:57   0.0  10.2  0.00   0.0   2.0   01:47     E
25  25.7  31.8   12:13  21.6   06:38   0.0   7.4  0.00   0.0   0.0   00:00     E
26  28.4  34.4   09:55  22.0   03:20   0.0  10.1  0.00   0.0   0.0   00:00     E
27  32.2  38.0   11:55  27.8   02:36   0.0  13.9  0.01   0.0   0.0   00:00     E
28  29.2  32.0   11:11  26.2   19:42   0.0  10.9  0.00   0.0   0.0   00:00     E
29  30.2  36.7   11:43  26.8   05:04   0.0  11.9  0.00   0.0   0.0   00:00     E
30  32.0  39.9   11:42  26.8   04:40   0.0  13.7  0.00   0.1   5.0   12:48   WNW
31  31.7  39.8   11:48  26.7   06:30   0.0  13.4  0.00   0.4   6.0   21:03   WNW
----------------------------------------------------------------------------------
    36.9  57.9     8    21.6    25     0.0 570.2  6.89   0.2  14.0    19       W

Max >=  27.0: 31
Max <=   0.0:  0
Min <=   0.0:  0
Min <= -18.0:  0
Max Rain: 4.00 on day 22
Days of Rain: 4 (>= 0.20 in)  1 (>= 2.00 in)  0 (>= 20.00 in)
Heat Base: 18.3  Cool Base: 18.3  Method: Integration

spacer wunderground wow PWS SWWN Image Map