NOAA-Style Climate Reports


Report for 2016
                   Annual Climatological Summary for 2016

Name: BLS Arnold,Ca   City: Arnold   State: CA
Elevation: 4200 ft  Lat: N 38 15 02   Lon: W 120 21 14

                  Temperature (°F), Heat Base: 18.3  Cool Base: 18.3
                          Dep.  Heat  Cool                       Max  Max  Min  Min
        Mean  Mean        From  Deg   Deg                        >=   <=   <=   <=
 YR MO  Max   Min   Mean  Norm  Days  Days  Hi  Date  Low  Date 27.0  0.0  0.0 -18.0
------------------------------------------------------------------------------------
 16  1  45.0  34.6  39.2   0.0     0   647  57.1  27  26.0   31   31    0    0    0
 16  2  57.7  41.9  49.3   0.0     0   883  69.0  16   0.0   18   29    0    1    0
 16  3  53.7  39.8  45.9   0.0     0   852  65.8  17  29.9   29   31    0    0    0
 16  4  61.6  44.4  52.5   0.0     0  1025  79.2   6  32.2   15   30    0    0    0
 16  5  65.8  48.9  56.9   0.0     0  1203  82.9  31  34.1   21   30    0    0    0
 16  6  80.4  61.3  69.8   0.0     0  1546  91.4  28  40.9   16   30    0    0    0
 16  7  85.4  66.4  74.3   0.0     0  1737  95.6  29  54.0   10   31    0    0    0
 16  8  84.5  67.3  74.5   0.0     0  1741  90.4  13  62.0    7   31    0    0    0
 16  9  76.4  58.6  66.7   0.0     0  1452  85.8  19  41.8   22   30    0    0    0
 16 10  61.8  49.2  54.5   0.0     0  1123  77.6   9  38.7    3   31    0    0    0
 16 11  54.8  43.7  48.4   0.0     0   906  71.4   9  31.5   27   30    0    0    0
 16 12  47.3  36.7  41.7   0.0     0   727  60.7  29  21.6   25   31    0    0    0
------------------------------------------------------------------------------------
        64.5  49.4  56.1   0.0     0 13840  95.6 Jul   0.0  Feb   60    0    1    0

                                Precipitation (in)

              Dep.   Max        Days of Rain
              From   Obs.           >=
 YR MO Total  Norm   Day Date 0.20 2.0020.00
---------------------------------------------
 16  1  9.45   0.0  2.10   5    10    1    0
 16  2  0.97   0.0  0.30   4     3    0    0
 16  3 12.35   0.0  2.56  13    11    2    0
 16  4  3.53   0.0  1.65  22     2    0    0
 16  5  0.92   0.0  0.20  21     1    0    0
 16  6  0.00   0.0  0.00   0     0    0    0
 16  7  0.00   0.0  0.00   0     0    0    0
 16  8  0.00   0.0  0.00   0     0    0    0
 16  9  0.04   0.0  0.04  21     0    0    0
 16 10 11.33   0.0  4.68  16     7    1    0
 16 11  4.32   0.0  0.92  28     9    0    0
 16 12  9.38   0.0  3.50  10     7    2    0
---------------------------------------------
       52.29   0.0  4.68  Oct   50    6    0

                                Wind Speed (mph)
                          Dom
 YR MO   Avg.  Hi   Date  Dir
------------------------------
 16  1   0.2  14.0   13    SW
 16  2   0.5  22.0   17   SSW
 16  3   0.4  11.0   11   SSE
 16  4   0.7  21.0   30    SE
 16  5   0.8  24.0    1    SE
 16  6   0.5   9.0   16   SSE
 16  7   0.5   9.0    6   SSE
 16  8   0.5  10.0    5   SSE
 16  9   0.5  12.0   25   SSE
 16 10   0.4  10.0   16   SSE
 16 11   0.3  11.0   28     S
 16 12   0.4  18.0    2   SSW
------------------------------
         0.5  24.0  May   SSE

spacer wunderground wow PWS SWWN Image Map