NOAA-Style Climate Reports


Report for 2016 January
                   Monthly Climatological Summary for Jan 2016

Name: BLS Arnold,Ca   City: Arnold   State: Ca
Elevation: 4450 ft  Lat: N 38° 15' 03"   Lon: W 120° 21' 18"

                  Temperature (°F), Rain (in), Wind Speed (mph)

                                      Heat  Cool        Avg
    Mean                              Deg   Deg         Wind                 Dom
Day Temp  High   Time   Low    Time   Days  Days  Rain  Speed High   Time    Dir
----------------------------------------------------------------------------------
 1  30.5  37.3   11:44  26.2   06:15   0.0  12.2  0.00   0.2   6.0   11:12   ESE
 2  39.2  44.7   11:44  32.4   00:14   0.0  20.9  0.00   0.0   4.0   11:46   WNW
 3  43.6  49.3   11:34  40.2   01:05   0.0  25.1  0.00   0.1   6.0   03:50     W
 4  38.4  42.6   00:16  35.1   16:40   0.0  20.1  0.21   0.1   8.0   10:25   SSE
 5  35.3  39.0   02:05  31.4   17:27   0.0  17.0  2.10   0.6  10.0   11:27    SE
 6  31.4  32.1   00:00  30.8   21:03   0.0  13.1  0.00   0.0   6.0   07:18   ESE
 7  31.6  34.9   12:06  28.7   22:12   0.0  13.3  0.00   0.0   3.0   15:31   WNW
 8  32.6  38.0   13:16  27.5   06:38   0.0  14.3  0.00   0.0   4.0   13:18   WNW
 9  34.4  36.7   11:35  31.4   05:29   0.0  16.1  0.00   0.1   5.0   09:25    SE
10  36.3  42.9   12:23  32.4   06:10   0.0  18.0  0.00   0.1   4.0   20:14   WNW
11  38.3  46.5   12:33  32.4   00:30   0.0  20.0  0.00   0.2   4.0   19:04   WNW
12  43.0  49.9   12:53  36.1   04:23   0.0  24.7  0.00   0.1   3.0   05:02   WNW
13  37.7  45.4   04:10  32.1   07:45   0.0  19.4  0.29   0.3  14.0   05:00   SSE
14  35.2  42.7   12:34  31.6   17:43   0.0  16.9  0.06   0.3   8.0   19:41   WSW
15  36.6  42.4   13:32  31.7   02:09   0.0  18.3  0.00   0.1   5.0   03:59     W
16  41.6  48.1   12:47  35.5   02:16   0.0  23.3  0.25   0.3   6.0   02:31     W
17  42.8  47.7   12:09  38.7   23:54   0.0  24.5  0.19   0.1   4.0   19:38     W
18  39.9  46.2   14:50  34.8   07:37   0.0  21.6  0.93   0.3   8.0   01:51   ESE
19  40.8  44.5   15:50  37.0   07:24   0.0  22.5  0.99   0.3   8.0   06:37    SE
20  43.4  51.2   13:55  38.4   00:00   0.0  25.1  0.00   0.3   3.0   07:49   WNW
21  48.1  56.1   13:15  42.3   00:22   0.0  29.8  0.00   0.2   6.0   12:42     W
22  44.1  48.9   06:24  40.7   12:43   0.0  25.8  0.89   0.8  12.0   12:57   ESE
23  37.1  41.4   02:51  34.3   23:43   0.0  18.8  1.00   0.1   5.0   02:36    SE
24  36.9  43.3   13:46  31.9   06:25   0.0  18.6  0.00   0.3   3.0   04:47   WNW
25  39.8  48.1   11:57  34.6   06:46   0.0  21.5  0.00   0.5   5.0   13:46   WNW
26  42.6  51.3   12:15  34.5   05:56   0.0  24.4  0.00   0.2   4.0   11:53   WNW
27  48.3  57.1   12:02  42.8   02:25   0.0  30.0  0.00   0.5   4.0   12:56   WNW
28  47.6  55.6   12:27  42.3   03:41   0.0  29.3  0.00   0.5   7.0   16:40     W
29  46.9  48.5   00:31  44.5   02:06   0.0  28.6  1.30   0.2   6.0   21:39   SSW
30  39.2  46.1   00:00  35.7   23:29   0.0  20.9  1.24   0.1   5.0   00:03     E
31  31.0  36.1   00:09  26.0   23:57   0.0  12.7  0.00   0.2   6.0   12:55    SE
----------------------------------------------------------------------------------
    39.2  57.1    27    26.0    31     0.0 646.8  9.45   0.2  14.0    13      SW

Max >=  27.0: 31
Max <=   0.0:  0
Min <=   0.0:  0
Min <= -18.0:  0
Max Rain: 2.10 on day 5
Days of Rain: 10 (>= 0.20 in)  1 (>= 2.00 in)  0 (>= 20.00 in)
Heat Base: 18.3  Cool Base: 18.3  Method: Integration

spacer wunderground wow PWS SWWN Image Map