NOAA-Style Climate Reports


Report for 2016 February
                   Monthly Climatological Summary for Feb 2016

Name: BLS Arnold,Ca   City: Arnold   State: Ca
Elevation: 4450 ft  Lat: N 38° 15' 03"   Lon: W 120° 21' 18"

                  Temperature (°F), Rain (in), Wind Speed (mph)

                                      Heat  Cool        Avg
    Mean                              Deg   Deg         Wind                 Dom
Day Temp  High   Time   Low    Time   Days  Days  Rain  Speed High   Time    Dir
----------------------------------------------------------------------------------
 1  27.2  32.7   13:51  22.3   07:20   0.0   8.9  0.00   0.1   9.0   08:09     W
 2  28.7  33.4   13:45  26.0   06:55   0.0  10.4  0.00   0.1   5.0   09:52     E
 3  33.4  40.8   13:00  26.2   01:38   0.0  15.1  0.00   0.1   7.0   18:55   WNW
 4  39.7  47.3   13:27  34.5   03:57   0.0  21.4  0.30   0.2   4.0   10:16   WNW
 5  45.0  52.7   12:21  38.2   04:49   0.0  26.7  0.00   0.3   6.0   14:04   WNW
 6  48.8  56.7   12:16  42.7   06:17   0.0  30.5  0.00   0.3   5.0   13:27     W
 7  55.1  67.8   12:11  47.4   00:08   0.0  36.8  0.00   0.4   7.0   11:36     W
 8  57.5  67.3   12:13  51.0   02:21   0.0  39.3  0.00   0.6   4.0   01:52     W
 9  59.1  68.7   12:22  53.1   22:50   0.0  40.8  0.00   0.2   3.0   11:23     W
10  57.6  65.1   12:09  52.1   03:16   0.0  39.3  0.00   0.2   3.0   03:12   WNW
11  57.7  66.2   12:01  53.1   23:31   0.0  39.4  0.00   0.1   5.0   09:27     W
12  55.6  64.3   11:56  51.3   21:57   0.0  37.3  0.00   0.1   3.0   09:24   WNW
13  53.4  62.7   11:51  47.5   18:39   0.0  35.1  0.00   0.2   5.0   11:45     W
14  53.5  64.6   14:30  45.8   05:26   0.0  35.2  0.00   0.2   7.0   17:04     S
15  57.1  65.7   12:28  51.2   01:46   0.0  38.8  0.00   0.3   5.0   14:58     W
16  59.2  69.0   12:50  53.5   01:22   0.0  37.5  0.00   0.0   4.0   11:11   NNW
17  51.3  56.7   00:50  33.8   22:59   0.0  29.5  0.17   2.8  22.0   20:18   SSE
18  34.1  36.4   16:54   0.0   05:37   0.0   8.6  0.25   0.1   4.0   13:31   WSW
19  39.8  47.3   22:34  32.6   06:33   0.0  18.8  0.25   0.0   0.0   00:00     E
20  45.5  55.4   12:16  38.5   04:12   0.0  26.7  0.00   0.1   5.0   13:55   SSE
21  48.1  59.2   12:18  41.9   23:59   0.0  29.8  0.00   0.4   6.0   08:07    SW
22  48.5  59.3   12:24  41.2   00:08   0.0  30.2  0.00   0.8   8.0   12:27   WSW
23  53.0  62.4   12:30  45.2   04:14   0.0  34.7  0.00   0.5   5.0   13:06     W
24  53.3  60.5   12:24  48.9   04:36   0.0  35.0  0.00   0.6   6.0   14:35     S
25  55.6  64.3   12:23  50.2   03:06   0.0  37.3  0.00   0.2   6.0   10:45   SSE
26  54.7  64.4   12:32  48.6   20:54   0.0  36.4  0.00   0.3   7.0   11:59     S
27  51.9  61.4   12:17  44.0   04:17   0.0  33.6  0.00   0.5   6.0   11:43    SE
28  52.4  60.0   11:22  47.4   04:04   0.0  34.1  0.00   0.3   7.0   02:01   WSW
29  53.8  62.2   12:26  48.1   03:52   0.0  35.5  0.00   0.4   9.0   11:00    SE
----------------------------------------------------------------------------------
    49.3  69.0    16     0.0    18     0.0 882.7  0.97   0.5  22.0    17      SW

Max >=  27.0: 29
Max <=   0.0:  0
Min <=   0.0:  1
Min <= -18.0:  0
Max Rain: 0.30 on day 4
Days of Rain: 3 (>= 0.20 in)  0 (>= 2.00 in)  0 (>= 20.00 in)
Heat Base: 18.3  Cool Base: 18.3  Method: Integration

spacer wunderground wow PWS SWWN Image Map