NOAA-Style Climate Reports


Report for 2016 March
                   Monthly Climatological Summary for Mar 2016

Name: BLS Arnold,Ca   City: Arnold   State: CA
Elevation: 4200 ft  Lat: N 38 15 02   Lon: W 120 21 14

                  Temperature (°F), Rain (in), Wind Speed (mph)

                                      Heat  Cool        Avg
    Mean                              Deg   Deg         Wind                 Dom
Day Temp  High   Time   Low    Time   Days  Days  Rain  Speed High   Time    Dir
----------------------------------------------------------------------------------
01  54.8  63.6   12:14  47.9   20:41   0.0  36.5  0.00   0.3   7.0   11:09     S
02  53.9  64.0   12:31  48.7   06:10   0.0  35.6  0.00   0.3   7.0   11:09   ESE
03  51.9  57.2   14:01  46.5   22:24   0.0  33.6  0.01   0.5   9.0   19:57   ESE
04  49.6  59.4   12:38  44.1   23:54   0.0  28.4  1.04   0.4   7.0   11:38     S
05  45.3  47.9   14:23  42.3   06:57   0.0  27.0  2.45   0.1   7.0   07:27    SE
06  37.5  44.3   00:00  32.6   22:24   0.0  19.2  1.07   0.3   7.0   20:01    SE
07  33.4  36.2   13:54  31.9   04:12   0.0  15.2  0.64   0.1   6.0   00:40    SE
08  39.0  45.3   12:11  32.1   00:00   0.0  20.8  0.43   0.4   7.0   14:31   WNW
09  46.0  52.8   12:36  38.3   00:57   0.0  27.7  0.01   0.2   6.0   10:51    SE
10  49.5  53.5   15:03  45.9   00:48   0.0  31.2  0.00   0.1   5.0   02:40     S
11  38.9  49.3   03:41  32.1   16:53   0.0  20.6  0.58   1.0  11.0   03:35   SSE
12  36.8  42.4   14:30  32.8   03:24   0.0  18.5  1.07   0.3   6.0   13:29     S
13  39.2  41.0   23:48  37.3   00:00   0.0  20.0  2.56   0.5   6.0   13:59     S
14  41.3  46.2   16:11  38.0   20:47   0.0  23.1  0.70   0.3   5.0   00:24   SSW
15  45.4  54.3   14:16  36.7   03:08   0.0  27.1  0.00   0.7   6.0   09:19    SW
16  52.1  61.4   13:16  43.5   03:53   0.0  33.8  0.00   0.5   6.0   14:28   SSW
17  55.8  65.8   13:39  48.9   06:18   0.0  37.5  0.00   0.4   5.0   13:58     S
18  55.8  65.0   13:32  50.3   04:30   0.0  37.5  0.00   0.5   6.0   08:44    SE
19  54.2  64.2   13:27  49.2   07:41   0.0  35.9  0.00   0.4   7.0   11:58   ESE
20  52.7  61.4   13:31  48.8   23:59   0.0  34.4  0.01   0.3   8.0   12:51   SSW
21  42.7  48.8   00:00  33.0   23:55   0.0  24.4  1.30   0.4   7.0   21:05     S
22  35.7  43.1   13:33  32.3   05:42   0.0  17.4  0.36   0.4   9.0   15:12   SSE
23  43.4  53.4   13:10  33.2   02:23   0.0  25.1  0.00   0.8   7.0   04:04     S
24  49.2  60.0   13:19  41.4   00:34   0.0  30.9  0.00   0.4   6.0   10:39   SSE
25  50.6  61.1   13:05  43.5   05:25   0.0  32.3  0.00   0.7   8.0   14:32     S
26  51.4  60.6   13:28  43.9   06:20   0.0  33.1  0.00   0.6   6.0   04:43    SW
27  51.6  61.2   13:29  45.4   23:54   0.0  33.3  0.00   0.4   7.0   12:13   SSE
28  36.6  45.4   00:00  30.3   23:39   0.0  18.3  0.00   0.4   8.0   13:24    SE
29  37.1  45.0   12:56  29.9   02:07   0.0  18.8  0.12   0.6   7.0   09:54   SSE
30  43.6  52.7   13:29  32.2   03:47   0.0  25.3  0.00   0.8   8.0   15:58     S
31  48.2  57.5   13:39  39.5   06:18   0.0  29.9  0.00   0.8   6.0   11:54   SSW
----------------------------------------------------------------------------------
    45.9  65.8    17    29.9    29     0.0 852.4 12.35   0.4  11.0    11       S

Max >=  27.0 31
Max <=   0.0  0
Min <=   0.0  0
Min <= -18.0  0
Max Rain: 2.56 on day 13
Days of Rain: 11 (>= 0.20 in)  2 (>= 2.00 in)  0 (>= 20.00 in)
Heat Base: 18.3  Cool Base: 18.3  Method: Integration

spacer wunderground wow PWS SWWN Image Map