NOAA-Style Climate Reports


Report for 2016 April
                   Monthly Climatological Summary for Apr 2016

Name: BLS Arnold,Ca   City: Arnold   State: CA
Elevation: 4200 ft  Lat: N 38 15 02   Lon: W 120 21 14

                  Temperature (°F), Rain (in), Wind Speed (mph)

                                      Heat  Cool        Avg
    Mean                              Deg   Deg         Wind                 Dom
Day Temp  High   Time   Low    Time   Days  Days  Rain  Speed High   Time    Dir
----------------------------------------------------------------------------------
01  52.0  60.4   14:15  44.5   07:22   0.0  33.7  0.00   0.5   6.0   10:22     S
02  56.2  66.1   13:27  49.0   06:15   0.0  37.9  0.00   0.6   8.0   12:19    SE
03  57.0  67.6   13:19  50.5   21:28   0.0  38.7  0.00   0.6   8.0   10:26     S
04  56.4  67.0   14:03  50.0   02:47   0.0  38.1  0.00   0.7   7.0   16:33     S
05  60.3  71.1   13:59  49.5   01:21   0.0  42.0  0.00   0.8   9.0   23:46   SSE
06  67.0  79.2   13:34  57.4   06:34   0.0  48.7  0.00   0.8   8.0   00:39    SE
07  61.1  69.1   12:53  53.3   20:08   0.0  42.8  0.00   0.6   6.0   12:22    SW
08  55.7  67.5   12:41  49.7   22:42   0.0  37.4  0.18   0.3   6.0   10:47   SSE
09  46.2  50.1   00:16  42.4   21:26   0.0  27.9  1.25   0.1   4.0   14:19   ESE
10  46.0  50.4   13:47  42.4   00:20   0.0  27.7  0.13   0.1   4.0   11:48    SE
11  49.4  56.1   14:01  42.8   05:25   0.0  31.1  0.01   0.1   5.0   13:11   SSE
12  50.6  57.9   13:26  46.2   06:02   0.0  32.3  0.00   0.3   8.0   12:41    SE
13  48.1  56.4   13:56  43.0   21:53   0.0  29.8  0.00   0.5   8.0   12:21   SSE
14  43.0  52.1   13:26  34.9   07:16   0.0  24.7  0.12   0.7   9.0   09:19    SE
15  46.4  58.5   14:15  32.2   05:18   0.0  28.1  0.00   1.7  16.0   08:58    SE
16  56.1  65.6   10:34  46.0   06:51   0.0  37.8  0.00   1.3  10.0   05:34     S
17  61.7  71.3   13:39  52.7   06:45   0.0  43.4  0.00   0.7   9.0   00:25   SSE
18  63.0  73.7   13:25  55.0   03:41   0.0  44.7  0.00   0.7   7.0   10:04     S
19  63.1  73.3   14:24  56.3   00:45   0.0  44.8  0.00   0.5   9.0   14:50   SSE
20  58.8  67.5   14:21  50.1   05:32   0.0  40.5  0.00   0.7   7.0   14:14   SSE
21  56.6  65.3   13:07  48.8   23:49   0.0  38.3  0.00   0.5   8.0   09:56     S
22  42.9  48.9   00:00  36.1   23:51   0.0  24.6  1.65   0.7   8.0   11:12     S
23  43.6  54.2   13:14  34.2   06:09   0.0  25.3  0.05   0.7   9.0   14:41   SSE
24  46.6  56.5   12:03  37.3   23:59   0.0  28.3  0.00   0.8   7.0   12:39   SSE
25  40.7  50.0   14:52  34.4   01:35   0.0  22.4  0.00   0.8  10.0   15:14   SSE
26  47.0  56.2   13:40  36.9   00:00   0.0  28.7  0.00   0.6   7.0   14:26   SSE
27  45.6  55.3   13:33  37.2   23:53   0.0  27.3  0.05   0.6   8.0   11:38   SSE
28  48.7  58.6   12:23  37.2   00:00   0.0  30.4  0.00   1.2   8.0   12:53   SSW
29  51.7  62.2   13:19  41.9   23:53   0.0  33.4  0.09   0.6   9.0   23:02     S
30  53.0  61.0   14:27  39.6   02:13   0.0  34.7  0.00   3.7  21.0   06:00   ESE
----------------------------------------------------------------------------------
    52.5  79.2     6    32.2    15     0.01025.5  3.53   0.7  21.0    30     SSE

Max >=  27.0 30
Max <=   0.0  0
Min <=   0.0  0
Min <= -18.0  0
Max Rain: 1.65 on day 22
Days of Rain: 2 (>= 0.20 in)  0 (>= 2.00 in)  0 (>= 20.00 in)
Heat Base: 18.3  Cool Base: 18.3  Method: Integration

spacer wunderground wow PWS SWWN Image Map