NOAA-Style Climate Reports


Report for 2016 May
                   Monthly Climatological Summary for May 2016

Name: BLS Arnold,Ca   City: Arnold   State: CA
Elevation: 4200 ft  Lat: N 38 15 02   Lon: W 120 21 14

                  Temperature (°F), Rain (in), Wind Speed (mph)

                                      Heat  Cool        Avg
    Mean                              Deg   Deg         Wind                 Dom
Day Temp  High   Time   Low    Time   Days  Days  Rain  Speed High   Time    Dir
----------------------------------------------------------------------------------
01  56.2  67.5   14:59  47.1   19:02   0.0  37.9  0.08   2.0  24.0   00:12   ESE
02  57.0  66.9   14:43  48.5   02:20   0.0  38.7  0.00   0.4   7.0   11:39    SE
03  61.3  71.6   13:49  53.9   04:16   0.0  43.0  0.00   0.5   7.0   10:20   SSE
04  59.8  68.0   11:11  52.4   23:59   0.0  41.5  0.00   0.4   4.0   04:59     S
05  48.0  52.5   00:00  44.1   23:12   0.0  29.7  0.00   0.2   4.0   09:53   ESE
06  46.2  50.0   17:56  43.5   01:42   0.0  27.9  0.16   0.1   4.0   15:50   SSW
07  46.3  48.6   14:09  44.6   07:42   0.0  28.0  0.17   0.0   3.0   11:19   SSE
08  49.0  53.6   09:51  43.5   03:08   0.0  30.7  0.00   0.1   4.0   08:25     S
09  54.9  63.2   11:26  48.0   06:22   0.0  36.6  0.00   0.5   8.0   11:41    SE
10  59.2  69.7   15:04  50.2   02:21   0.0  41.0  0.00   0.7   7.0   12:06     S
11  64.3  74.0   13:50  54.4   06:28   0.0  46.0  0.00   1.1  12.0   00:38    SE
12  68.2  78.4   13:09  59.4   04:40   0.0  49.9  0.00   0.7   7.0   13:26   SSE
13  67.2  78.9   11:44  55.4   22:36   0.0  48.9  0.00   0.5   9.0   15:16    SE
14  56.4  64.7   14:17  47.1   23:22   0.0  38.1  0.00   0.5   7.0   13:27   SSE
15  55.3  65.6   14:05  46.4   05:28   0.0  37.0  0.00   0.8   9.0   13:49   SSE
17  62.2  68.8   13:32  49.0   01:10   0.0  87.9  0.00   3.1  15.0   23:23   ESE
18  67.5  77.0   14:10  60.0   06:14   0.0  49.2  0.00   1.0  12.0   00:19    SE
19  61.1  70.3   12:24  50.3   23:28   0.0  42.8  0.00   0.7   9.0   11:21     S
20  44.1  50.4   00:00  37.3   06:09   0.0  25.8  0.00   0.6   9.0   11:12   SSE
21  41.7  50.2   12:00  34.1   04:56   0.0  23.4  0.20   0.5   7.0   09:44     S
22  45.9  56.1   12:22  36.9   00:11   0.0  27.6  0.07   0.8   8.0   11:11   SSE
23  47.6  58.8   12:54  41.8   05:47   0.0  29.3  0.07   0.6   6.0   09:49   SSW
24  47.5  55.8   09:11  42.6   23:41   0.0  29.2  0.17   0.5   5.0   12:44    SW
25  51.8  61.8   13:07  42.2   00:21   0.0  33.5  0.00   0.9   9.0   14:49     S
26  56.1  65.8   14:12  45.9   03:10   0.0  37.8  0.00   0.7   9.0   14:12   SSE
27  60.5  71.1   14:37  51.8   05:07   0.0  42.3  0.00   0.7   8.0   16:05   SSE
28  63.8  74.1   14:47  55.6   02:58   0.0  45.5  0.00   0.6   8.0   13:03   SSE
29  66.0  77.2   13:26  57.8   05:15   0.0  47.7  0.00   0.6   9.0   14:29   SSE
30  68.9  80.7   14:17  60.0   06:09   0.0  50.6  0.00   0.5   7.0   14:38     S
31  73.5  82.9   10:35  64.1   00:56   0.0  55.2  0.00   0.9   9.0   07:35   SSE
----------------------------------------------------------------------------------
    56.9  82.9    31    34.1    21     0.01202.7  0.92   0.8  24.0     1      SE

Max >=  27.0 30
Max <=   0.0  0
Min <=   0.0  0
Min <= -18.0  0
Max Rain: 0.20 on day 21
Days of Rain: 1 (>= 0.20 in)  0 (>= 2.00 in)  0 (>= 20.00 in)
Heat Base: 18.3  Cool Base: 18.3  Method: Integration

spacer wunderground wow PWS SWWN Image Map