NOAA-Style Climate Reports


Report for 2016 June
                   Monthly Climatological Summary for Jun 2016

Name: BLS Arnold,Ca   City: Arnold   State: CA
Elevation: 4200 ft  Lat: N 38 15 02   Lon: W 120 21 14

                  Temperature (°F), Rain (in), Wind Speed (mph)

                                      Heat  Cool        Avg
    Mean                              Deg   Deg         Wind                 Dom
Day Temp  High   Time   Low    Time   Days  Days  Rain  Speed High   Time    Dir
----------------------------------------------------------------------------------
01  73.9  84.5   13:58  66.7   06:13   0.0  55.6  0.00   0.5   6.0   13:20     S
02  73.5  85.0   13:29  64.4   06:01   0.0  55.2  0.00   0.6   7.0   12:43     S
03  76.0  86.1   14:56  67.4   04:03   0.0  57.7  0.00   0.5   6.0   10:13     S
04  75.1  83.9   10:55  69.1   23:53   0.0  56.8  0.00   0.2   6.0   13:42   SSW
05  74.3  86.2   13:44  66.1   21:29   0.0  56.0  0.00   0.5   7.0   14:37   SSE
06  73.7  83.6   14:37  63.8   04:24   0.0  55.4  0.00   0.5   7.0   12:50     S
07  74.1  84.7   13:21  66.4   05:46   0.0  55.8  0.00   0.6   7.0   14:20   SSE
08  71.0  82.0   12:54  62.3   21:01   0.0  52.7  0.00   0.4   8.0   13:43   SSE
09  66.9  76.4   13:30  58.8   23:55   0.0  48.6  0.00   0.5   7.0   11:22   SSE
10  63.2  72.9   14:35  55.3   04:29   0.0  44.9  0.00   0.5   6.0   12:08     S
11  63.9  73.7   13:31  56.9   00:00   0.0  45.6  0.00   0.4   6.0   06:52   SSE
12  62.6  70.7   10:59  55.6   05:26   0.0  44.3  0.00   0.5   8.0   17:28   SSE
13  64.1  75.2   14:37  56.1   06:09   0.0  45.8  0.00   0.5   7.0   11:18     S
14  58.4  67.6   11:32  50.4   23:53   0.0  40.1  0.00   0.5   8.0   13:53   SSE
15  51.0  59.0   11:20  41.1   23:49   0.0  32.7  0.00   0.5   8.0   12:42   SSW
16  52.9  64.6   14:04  40.9   00:10   0.0  34.6  0.00   0.7   9.0   11:12   SSE
17  59.2  68.4   12:44  50.4   03:08   0.0  40.9  0.00   0.6   8.0   13:26   SSE
18  60.7  70.7   13:50  51.9   06:43   0.0  42.4  0.00   0.5   7.0   14:26   SSE
19  67.6  79.6   13:51  57.7   04:29   0.0  49.3  0.00   0.6   7.0   14:09   SSE
20  73.9  85.1   14:10  65.3   05:57   0.0  55.6  0.00   0.6   7.0   13:16   SSE
21  76.4  88.3   14:39  68.1   06:23   0.0  58.1  0.00   0.6   6.0   12:01    SE
22  75.1  86.3   13:08  65.1   23:59   0.0  56.8  0.00   0.5   8.0   14:56     S
23  71.7  82.9   13:19  61.6   22:13   0.0  53.4  0.00   0.5   6.0   10:00   SSE
24  69.8  81.0   15:18  62.1   04:38   0.0  51.5  0.00   0.7   7.0   14:15     S
25  73.3  84.7   13:50  63.7   02:31   0.0  55.0  0.00   0.8   6.0   11:03     S
26  76.1  88.3   14:46  66.9   06:03   0.0  57.8  0.00   0.6   7.0   15:39    SE
27  78.8  91.3   13:51  70.1   06:32   0.0  60.6  0.00   0.0   0.0   00:00     N
28  80.1  91.4   14:59  72.6   06:25   0.0  61.8  0.00   0.0   6.0   16:07    SE
29  79.3  89.6   14:27  71.7   23:59   0.0  61.0  0.00   0.5   7.0   12:48   SSE
30  78.3  89.2   14:03  70.5   00:56   0.0  60.0  0.00   0.5   7.0   12:25     S
----------------------------------------------------------------------------------
    69.8  91.4    28    40.9    16     0.01546.0  0.00   0.5   9.0    16     SSE

Max >=  27.0 30
Max <=   0.0  0
Min <=   0.0  0
Min <= -18.0  0
Max Rain: 0.00 on day 0
Days of Rain: 0 (>= 0.20 in)  0 (>= 2.00 in)  0 (>= 20.00 in)
Heat Base: 18.3  Cool Base: 18.3  Method: Integration

spacer wunderground wow PWS SWWN Image Map