NOAA-Style Climate Reports


Report for 2016 July
                   Monthly Climatological Summary for Jul 2016

Name: BLS Arnold,Ca   City: Arnold   State: CA
Elevation: 4200 ft  Lat: N 38 15 02   Lon: W 120 21 14

                  Temperature (°F), Rain (in), Wind Speed (mph)

                                      Heat  Cool        Avg
    Mean                              Deg   Deg         Wind                 Dom
Day Temp  High   Time   Low    Time   Days  Days  Rain  Speed High   Time    Dir
----------------------------------------------------------------------------------
01  78.4  89.7   14:02  71.1   06:53   0.0  60.1  0.00   0.4   7.0   13:44   SSE
02  76.7  87.3   14:13  69.9   06:42   0.0  58.5  0.00   0.4   6.0   13:26   SSE
03  74.6  86.0   13:33  67.1   22:56   0.0  56.3  0.00   0.3   8.0   14:02   SSE
04  72.2  83.4   14:12  65.0   06:09   0.0  53.9  0.00   0.5   7.0   13:46    SE
05  71.3  82.5   14:17  63.4   02:57   0.0  53.0  0.00   0.5   7.0   13:58     S
06  69.9  80.4   13:58  63.0   03:31   0.0  51.6  0.00   0.4   9.0   14:06   SSE
07  69.2  79.8   13:43  62.3   06:14   0.0  50.9  0.00   0.5   8.0   10:21    SE
08  69.4  79.8   13:36  61.9   03:41   0.0  51.1  0.00   0.5   8.0   12:33   SSE
09  67.4  77.6   13:27  57.4   23:51   0.0  49.1  0.00   0.5   8.0   14:35     S
10  62.6  73.4   15:06  54.0   05:53   0.0  44.3  0.00   0.5   6.0   11:15    SE
11  66.3  77.8   14:21  57.9   03:48   0.0  48.0  0.00   0.5   7.0   13:47    SE
12  68.9  80.1   14:57  59.7   06:11   0.0  50.6  0.00   0.5   7.0   10:37    SE
13  73.5  85.9   13:59  65.0   03:32   0.0  55.2  0.00   0.6   6.0   10:08    SE
14  76.4  87.8   14:16  68.0   04:27   0.0  58.1  0.00   0.5   7.0   13:13   SSE
15  77.1  88.6   14:11  69.4   06:41   0.0  58.8  0.00   0.5   7.0   12:55     S
16  75.1  85.2   12:38  67.6   23:07   0.0  56.8  0.00   0.5   7.0   11:07   SSE
17  72.1  83.0   14:11  62.6   23:34   0.0  53.8  0.00   0.5   7.0   11:45     S
18  68.1  77.3   13:43  61.6   21:59   0.0  49.9  0.00   0.6   9.0   13:45   SSE
19  68.9  80.1   14:38  61.2   03:56   0.0  50.7  0.00   0.5   7.0   13:24   SSE
20  71.2  82.4   13:35  63.0   06:18   0.0  52.9  0.00   0.8   9.0   12:42   SSE
21  73.4  84.3   14:28  65.6   06:34   0.0  55.1  0.00   0.5   7.0   13:05   SSE
22  74.9  86.6   14:16  66.8   05:26   0.0  56.6  0.00   0.5   7.0   11:58    SE
23  77.1  89.2   13:55  68.6   05:46   0.0  58.8  0.00   0.5   7.0   14:43   SSE
24  78.3  89.5   14:51  68.7   05:54   0.0  60.0  0.00   0.6   7.0   12:21   SSE
25  78.4  90.3   13:51  70.6   04:40   0.0  60.1  0.00   0.5   6.0   13:24   SSE
26  80.3  93.1   14:51  71.3   06:03   0.0  62.0  0.00   0.5   6.0   11:10    SE
27  83.0  94.8   13:51  75.1   03:12   0.0  64.7  0.00   0.4   7.0   11:02   SSE
28  83.7  94.4   14:28  77.0   02:15   0.0  65.4  0.00   0.4   6.0   11:55   SSE
29  84.0  95.6   14:51  76.6   06:03   0.0  65.7  0.00   0.5   7.0   15:21    SE
30  82.7  93.0   14:56  76.0   23:45   0.0  64.4  0.00   0.5   6.0   10:46     S
31  79.1  89.2   14:04  72.4   06:53   0.0  60.8  0.00   0.4   6.0   10:19    SE
----------------------------------------------------------------------------------
    74.3  95.6    29    54.0    10     0.01737.2  0.00   0.5   9.0     6     SSE

Max >=  27.0 31
Max <=   0.0  0
Min <=   0.0  0
Min <= -18.0  0
Max Rain: 0.00 on day 0
Days of Rain: 0 (>= 0.20 in)  0 (>= 2.00 in)  0 (>= 20.00 in)
Heat Base: 18.3  Cool Base: 18.3  Method: Integration

spacer wunderground wow PWS SWWN Image Map