NOAA-Style Climate Reports


Report for 2016 August
                   Monthly Climatological Summary for Aug 2016

Name: BLS Arnold,Ca   City: Arnold   State: CA
Elevation: 4200 ft  Lat: N 38 15 02   Lon: W 120 21 14

                  Temperature (°F), Rain (in), Wind Speed (mph)

                                      Heat  Cool        Avg
    Mean                              Deg   Deg         Wind                 Dom
Day Temp  High   Time   Low    Time   Days  Days  Rain  Speed High   Time    Dir
----------------------------------------------------------------------------------
01  78.1  89.0   14:31  71.0   06:41   0.0  59.8  0.00   0.4   6.0   11:13    SE
02  77.5  88.2   14:16  70.5   06:52   0.0  59.2  0.00   0.4   7.0   13:44    SE
03  77.4  89.3   14:44  69.8   04:06   0.0  59.1  0.00   0.4   6.0   12:01    SE
04  76.0  87.7   13:51  68.2   23:30   0.0  57.7  0.00   0.4   6.0   14:10     S
05  72.1  81.2   13:59  65.6   21:47   0.0  53.8  0.00   0.5  10.0   11:30    SE
06  70.7  81.6   13:49  63.7   06:00   0.0  52.4  0.00   0.5   7.0   10:50   SSE
07  73.4  81.0   14:52  62.0   06:26   0.0  55.0  0.00   0.7   7.0   09:55   SSE
08  70.8  82.3   14:17  62.7   06:28   0.0  52.5  0.00   0.5   7.0   12:31    SE
09  70.8  81.1   14:29  63.0   04:32   0.0  52.5  0.00   0.5   8.0   14:39   SSE
10  70.2  81.3   13:49  62.4   05:53   0.0  51.9  0.00   0.5   7.0   12:11    SE
11  72.5  82.9   15:00  65.2   04:25   0.0  54.2  0.00   0.5   6.0   12:14    SE
12  75.6  87.0   14:07  68.1   00:08   0.0  57.3  0.00   0.5   7.0   14:17   SSE
13  78.2  90.4   15:00  69.6   06:28   0.0  59.9  0.00   0.5   6.0   11:40    SE
14  79.5  90.3   14:36  70.8   23:28   0.0  61.2  0.00   0.6   8.0   13:10   SSE
15  77.9  87.9   13:59  71.8   05:36   0.0  59.6  0.00   0.4   8.0   15:06   SSE
16  76.9  88.1   13:34  69.7   06:27   0.0  58.6  0.00   0.4   7.0   12:25   SSE
17  77.1  86.9   14:19  69.2   05:33   0.0  58.8  0.00   0.3   7.0   11:29    SE
18  77.7  86.7   13:53  71.1   01:12   0.0  59.4  0.00   0.5   8.0   14:16   SSE
19  77.1  86.1   13:33  71.3   01:40   0.0  58.8  0.00   0.4   7.0   13:13    SE
20  76.5  86.6   13:50  70.0   06:25   0.0  58.2  0.00   0.4   7.0   10:59    SE
21  74.3  84.8   15:09  67.1   03:03   0.0  56.0  0.00   0.5   7.0   10:30   SSE
22  72.1  82.2   13:51  65.4   22:31   0.0  53.8  0.00   0.6   8.0   06:07     S
23  73.0  83.3   14:26  65.4   01:41   0.0  54.7  0.00   0.6   7.0   13:59     S
24  70.2  70.2   00:00  70.2   00:00   0.0  51.9  0.00   1.0   0.0   00:00   SSW
25  74.8  84.9   13:49  67.4   05:53   0.0  56.5  0.00   0.7   8.0   16:07     S
26  72.9  82.4   13:18  66.5   23:56   0.0  54.6  0.00   0.6   8.0   13:59   SSE
27  70.9  80.7   13:57  65.4   21:16   0.0  52.6  0.00   0.4   7.0   14:38    SE
28  72.6  83.5   13:34  64.9   02:30   0.0  54.3  0.00   0.4   6.0   12:05   SSE
29  75.5  86.5   13:22  68.2   04:07   0.0  57.2  0.00   0.5   6.0   10:31   SSE
30  74.0  84.6   14:20  67.2   21:21   0.0  55.7  0.00   0.4   7.0   13:19   SSE
31  71.8  80.8   13:18  64.4   21:40   0.0  53.5  0.00   0.5   8.0   14:12   SSE
----------------------------------------------------------------------------------
    74.5  90.4    13    62.0     7     0.01740.7  0.00   0.5  10.0     5     SSE

Max >=  27.0 31
Max <=   0.0  0
Min <=   0.0  0
Min <= -18.0  0
Max Rain: 0.00 on day 0
Days of Rain: 0 (>= 0.20 in)  0 (>= 2.00 in)  0 (>= 20.00 in)
Heat Base: 18.3  Cool Base: 18.3  Method: Integration

spacer wunderground wow PWS SWWN Image Map