NOAA-Style Climate Reports


Report for 2016 September
                   Monthly Climatological Summary for Sep 2016

Name: BLS Arnold,Ca   City: Arnold   State: CA
Elevation: 4200 ft  Lat: N 38 15 02   Lon: W 120 21 14

                  Temperature (°F), Rain (in), Wind Speed (mph)

                                      Heat  Cool        Avg
    Mean                              Deg   Deg         Wind                 Dom
Day Temp  High   Time   Low    Time   Days  Days  Rain  Speed High   Time    Dir
----------------------------------------------------------------------------------
01  69.2  79.4   13:33  62.7   06:44   0.0  50.9  0.00   0.5   8.0   12:59   SSE
02  68.2  79.1   13:35  61.4   05:58   0.0  49.9  0.00   0.4   7.0   11:32   SSE
03  64.4  74.4   13:13  55.6   23:52   0.0  46.1  0.00   0.4   9.0   14:51   SSE
04  58.6  67.2   13:08  51.8   22:18   0.0  40.3  0.00   0.5   7.0   10:57    SE
05  61.0  71.3   14:33  51.9   05:40   0.0  42.7  0.00   0.5   7.0   13:59   SSE
06  67.2  78.1   13:35  58.1   06:45   0.0  48.9  0.00   0.5   7.0   13:38     S
07  71.3  81.8   13:03  63.2   05:51   0.0  53.0  0.00   0.4   7.0   14:19   SSE
08  71.7  82.3   13:27  64.7   07:03   0.0  53.4  0.00   0.5   6.0   12:52    SE
09  73.3  82.9   13:19  65.6   03:48   0.0  55.0  0.00   0.4   6.0   12:56    SE
10  75.3  85.6   13:21  68.8   21:29   0.0  57.1  0.00   0.3   8.0   14:46   SSE
11  71.6  80.8   13:36  64.2   23:55   0.0  53.3  0.00   0.4   7.0   13:25   SSE
12  63.4  72.7   13:08  50.8   21:40   0.0  45.1  0.00   0.5   7.0   10:22   SSE
13  53.2  59.7   14:27  46.9   05:16   0.0  34.9  0.00   0.5   8.0   15:17    SE
14  55.8  66.3   13:31  46.3   03:34   0.0  37.5  0.00   0.4   7.0   12:55   SSE
15  62.5  72.4   13:40  54.6   06:29   0.0  44.2  0.00   0.4   6.0   10:27   SSE
16  68.3  78.3   13:54  60.9   01:54   0.0  50.0  0.00   0.4   8.0   14:16     S
17  72.3  83.6   13:27  63.8   02:53   0.0  54.0  0.00   0.7   7.0   12:54     S
18  74.5  84.6   13:31  67.4   07:09   0.0  56.2  0.00   0.4   6.0   10:34    SE
19  75.3  85.8   13:34  68.1   06:16   0.0  57.0  0.00   0.4   6.0   10:47    SE
20  71.0  78.0   14:42  65.8   22:46   0.0  52.7  0.00   0.3   8.0   14:28   SSE
21  59.5  66.3   00:54  46.1   23:39   0.0  41.2  0.04   0.1   6.0   15:49   SSE
22  48.8  57.3   13:00  41.8   05:36   0.0  30.5  0.00   0.5   7.0   14:10   SSE
23  54.5  65.9   13:07  43.2   02:52   0.0  36.2  0.00   0.8   8.0   09:52     S
24  64.2  72.4   15:05  54.8   00:00   0.0  45.9  0.00   1.0   8.0   22:06   WSW
25  72.9  82.3   13:17  65.2   03:23   0.0  54.6  0.00   0.8  12.0   09:49   SSE
26  73.6  84.8   13:03  65.6   23:54   0.0  55.3  0.00   0.5   7.0   12:29    SE
27  72.9  83.4   13:34  65.6   00:00   0.0  54.6  0.00   0.4   7.0   12:18   SSE
28  72.6  82.3   12:58  66.7   07:03   0.0  54.3  0.00   0.4   7.0   13:15    SE
29  69.1  78.6   13:13  62.9   23:26   0.0  50.8  0.00   0.4   7.0   12:49   SSE
30  64.4  74.3   12:56  54.3   23:35   0.0  46.1  0.00   0.4   8.0   13:53   SSE
----------------------------------------------------------------------------------
    66.7  85.8    19    41.8    22     0.01451.7  0.04   0.5  12.0    25     SSE

Max >=  27.0 30
Max <=   0.0  0
Min <=   0.0  0
Min <= -18.0  0
Max Rain: 0.04 on day 21
Days of Rain: 0 (>= 0.20 in)  0 (>= 2.00 in)  0 (>= 20.00 in)
Heat Base: 18.3  Cool Base: 18.3  Method: Integration

spacer wunderground wow PWS SWWN Image Map