NOAA-Style Climate Reports


Report for 2016 October
                   Monthly Climatological Summary for Oct 2016

Name: BLS Arnold,Ca   City: Arnold   State: CA
Elevation: 4200 ft  Lat: N 38 15 02   Lon: W 120 21 14

                  Temperature (°F), Rain (in), Wind Speed (mph)

                                      Heat  Cool        Avg
    Mean                              Deg   Deg         Wind                 Dom
Day Temp  High   Time   Low    Time   Days  Days  Rain  Speed High   Time    Dir
----------------------------------------------------------------------------------
01  55.8  65.9   12:51  48.5   20:45   0.0  37.5  0.00   0.5   7.0   11:44   SSE
02  48.3  56.3   13:06  40.6   22:51   0.0  30.0  0.01   0.3   6.0   10:53   SSE
03  43.9  49.0   16:15  38.7   02:55   0.0  25.6  0.01   0.3   9.0   12:15   ESE
04  49.5  59.8   13:06  43.0   01:48   0.0  31.2  0.00   0.4   7.0   10:31   SSE
05  49.8  59.8   13:55  42.1   04:48   0.0  31.5  0.00   0.5   7.0   12:44   SSE
06  55.5  65.7   12:59  47.9   04:52   0.0  37.3  0.00   0.7   7.0   02:33     S
07  61.8  72.4   13:02  53.3   00:00   0.0  43.5  0.00   0.3   6.0   12:02    SE
08  66.3  77.3   13:07  59.5   05:58   0.0  48.0  0.00   0.4   6.0   12:26    SE
09  67.0  77.6   13:02  60.8   05:37   0.0  48.7  0.00   0.4   6.0   11:20    SE
10  63.4  73.5   13:04  56.7   22:59   0.0  45.1  0.00   0.3   8.0   13:44     S
11  60.8  70.1   13:05  56.3   07:17   0.0  42.5  0.00   0.4   7.0   12:24    SE
12  59.4  68.4   13:02  54.4   20:09   0.0  41.1  0.00   0.3   6.0   13:57   SSE
13  58.4  67.4   13:16  53.9   23:56   0.0  40.1  0.00   0.3   6.0   12:06    SE
14  51.0  54.3   03:45  47.5   18:59   0.0  32.7  1.57   0.5   7.0   09:35   SSE
15  51.8  55.9   15:50  47.7   21:14   0.0  33.5  0.79   0.9   8.0   17:26     S
16  49.8  52.2   16:23  45.5   20:04   0.0  31.5  4.68   1.3  10.0   15:39     S
17  45.5  51.9   13:53  40.5   08:06   0.0  27.2  0.25   0.2   5.0   12:20   SSE
18  47.7  56.2   13:09  41.2   06:07   0.0  29.4  0.00   0.4   7.0   15:31     E
19  54.4  63.7   12:40  47.9   00:06   0.0  36.1  0.00   0.2   5.0   13:08     S
20  61.3  70.7   12:39  55.2   00:00   0.0  43.0  0.00   0.2   4.0   13:23   SSE
21  61.3  69.3   12:52  56.7   07:15   0.0  43.0  0.00   0.2   6.0   12:28    SE
22  59.5  67.7   12:41  54.9   05:56   0.0  41.2  0.00   0.1   4.0   00:40     E
23  58.5  65.2   13:14  55.1   04:55   0.0  40.2  0.00   0.2  10.0   22:17   SSE
24  51.6  55.2   00:00  48.6   21:31   0.0  33.3  0.07   0.5   7.0   14:50   SSE
25  52.8  57.4   12:02  48.8   05:09   0.0  34.5  0.01   0.1   6.0   21:46   SSE
26  56.8  64.5   13:10  51.0   07:01   0.0  38.5  0.00   0.2   6.0   11:07    SE
27  53.9  57.8   08:11  49.2   12:59   0.0  35.6  0.77   0.4  10.0   14:15   ESE
28  51.2  53.3   00:00  48.7   21:44   0.0  32.9  1.25   0.1   4.0   10:10     S
29  51.3  55.9   15:53  48.3   06:40   0.0  33.0  0.01   0.2   7.0   12:01    SE
30  47.3  50.9   01:39  42.4   22:15   0.0  29.0  1.87   0.8   9.0   14:45   SSW
31  44.4  49.4   13:57  40.2   07:00   0.0  26.1  0.04   0.1   4.0   11:52     S
----------------------------------------------------------------------------------
    54.5  77.6     9    38.7     3     0.01122.8 11.33   0.4  10.0    16     SSE

Max >=  27.0 31
Max <=   0.0  0
Min <=   0.0  0
Min <= -18.0  0
Max Rain: 4.68 on day 16
Days of Rain: 7 (>= 0.20 in)  1 (>= 2.00 in)  0 (>= 20.00 in)
Heat Base: 18.3  Cool Base: 18.3  Method: Integration

spacer wunderground wow PWS SWWN Image Map