NOAA-Style Climate Reports


Report for 2016 November
                   Monthly Climatological Summary for Nov 2016

Name: BLS Arnold,Ca   City: Arnold   State: CA
Elevation: 4200 ft  Lat: N 38 15 02   Lon: W 120 21 14

                  Temperature (°F), Rain (in), Wind Speed (mph)

                                      Heat  Cool        Avg
    Mean                              Deg   Deg         Wind                 Dom
Day Temp  High   Time   Low    Time   Days  Days  Rain  Speed High   Time    Dir
----------------------------------------------------------------------------------
01  44.0  48.7   16:15  41.6   08:56   0.0  25.7  0.22   0.2   4.0   23:48   WSW
02  49.4  58.1   14:37  42.2   04:51   0.0  31.1  0.00   0.4   5.0   00:33     W
03  56.0  63.1   13:02  49.1   06:23   0.0  37.7  0.00   0.4   6.0   23:57     W
04  60.0  67.8   12:45  55.3   00:22   0.0  41.7  0.00   0.3   6.0   07:54    SE
05  56.9  65.5   12:36  52.7   19:30   0.0  38.6  0.00   0.2   6.0   11:59    SE
06  53.5  57.7   13:47  50.0   05:42   0.0  36.7  0.00   0.0   3.0   09:36   ESE
07  56.2  63.1   11:42  49.5   01:55   0.0  37.9  0.00   0.1   4.0   11:47    SE
08  62.2  69.1   11:39  57.1   04:44   0.0  43.9  0.00   0.1   5.0   11:57   ESE
09  63.2  71.4   11:53  59.4   06:07   0.0  44.9  0.00   0.1   7.0   09:05    SE
10  62.3  69.8   11:42  58.4   05:32   0.0  44.0  0.00   0.1   6.0   08:40    SE
11  60.9  68.1   11:55  57.4   06:34   0.0  42.6  0.00   0.1   5.0   11:28   ESE
12  58.0  64.8   11:37  54.0   23:52   0.0  39.7  0.00   0.1   4.0   08:06     S
13  57.3  65.1   11:54  53.5   05:27   0.0  39.0  0.00   0.1   3.0   00:01   WSW
14  58.7  66.7   11:33  55.0   02:34   0.0  40.4  0.00   0.1   4.0   10:05     S
15  54.9  62.3   11:20  45.2   23:52   0.0  36.6  0.15   0.1   5.0   11:59   ESE
16  37.4  45.3   00:00  31.7   23:18   0.0  19.1  0.07   0.4   5.0   12:23   SSW
17  38.4  44.9   11:32  31.9   00:01   0.0  20.1  0.06   0.4   6.0   02:23   WSW
18  46.5  53.2   12:33  38.6   00:00   0.0  28.2  0.03   0.4   7.0   11:20   SSE
19  46.5  55.2   12:16  38.5   20:27   0.0  28.2  0.39   0.9   9.0   11:41     S
20  41.2  44.5   03:57  39.1   11:13   0.0  22.9  0.87   0.5  10.0   14:02   ESE
21  40.3  43.8   11:56  37.4   23:32   0.0  22.0  0.22   0.1   4.0   02:26   ESE
22  41.1  47.7   12:28  36.7   01:51   0.0  22.8  0.00   0.1   4.0   08:49    SE
23  36.9  40.1   14:26  34.1   22:47   0.0  18.6  0.55   0.3   7.0   01:56   SSE
24  42.7  50.5   12:37  35.3   00:29   0.0  24.4  0.00   0.2   4.0   06:29     S
25  46.2  51.1   13:10  42.4   04:44   0.0  28.0  0.00   0.3   8.0   20:31   SSW
26  38.5  47.1   00:07  32.2   20:43   0.0  20.2  0.04   0.5   9.0   10:13     S
27  33.4  35.6   12:25  31.5   02:22   0.0  15.1  0.22   0.0   3.0   10:36   WSW
28  35.3  38.9   11:45  32.1   00:16   0.0  17.0  0.92   0.4  11.0   19:06     S
29  36.8  41.6   12:40  32.9   06:43   0.0  18.5  0.31   0.6  10.0   01:01   WSW
30  38.3  44.0   12:36  34.7   04:29   0.0  20.0  0.27   0.3   5.0   06:34   WSW
----------------------------------------------------------------------------------
    48.4  71.4     9    31.5    27     0.0 905.6  4.32   0.3  11.0    28       S

Max >=  27.0 30
Max <=   0.0  0
Min <=   0.0  0
Min <= -18.0  0
Max Rain: 0.92 on day 28
Days of Rain: 9 (>= 0.20 in)  0 (>= 2.00 in)  0 (>= 20.00 in)
Heat Base: 18.3  Cool Base: 18.3  Method: Integration

spacer wunderground wow PWS SWWN Image Map