NOAA-Style Climate Reports


Report for 2016 December
                   Monthly Climatological Summary for Dec 2016

Name: BLS Arnold,Ca   City: Arnold   State: CA
Elevation: 4200 ft  Lat: N 38 15 02   Lon: W 120 21 14

                  Temperature (°F), Rain (in), Wind Speed (mph)

                                      Heat  Cool        Avg
    Mean                              Deg   Deg         Wind                 Dom
Day Temp  High   Time   Low    Time   Days  Days  Rain  Speed High   Time    Dir
----------------------------------------------------------------------------------
01  38.5  44.4   12:00  34.9   00:00   0.0  20.2  0.14   0.8  13.0   23:55    SE
02  38.7  45.1   12:13  32.6   07:09   0.0  20.4  0.01   1.7  18.0   02:19   SSE
03  48.0  56.3   11:43  40.1   00:39   0.0  29.7  0.04   1.7   4.0   04:54   WNW
04  48.8  56.0   12:14  41.2   23:46   0.0  30.5  0.00   0.2   4.0   11:11    NW
05  43.2  49.8   11:27  38.7   22:51   0.0  24.9  0.00   0.1   4.0   10:51   WSW
06  35.1  39.3   00:29  30.0   21:05   0.0  16.8  0.00   0.1   4.0   10:09   ESE
07  35.2  40.2   13:57  29.4   04:08   0.0  16.9  0.08   0.3   9.0   20:39   ESE
08  43.7  47.2   15:07  36.6   00:00   0.0  25.4  0.72   0.1   4.0   00:51   ESE
09  46.1  47.7   15:34  43.8   22:48   0.0  27.8  0.20   0.0   3.0   10:41     S
10  46.3  47.7   08:47  43.9   00:00   0.0  28.0  3.50   0.5   6.0   12:27     S
11  44.1  50.7   12:40  39.3   05:42   0.0  25.8  0.00   0.2   4.0   10:44    SW
12  45.7  51.3   13:19  42.9   07:03   0.0  27.4  0.00   0.1   3.0   00:37   SSW
13  45.5  49.8   13:02  43.2   04:17   0.0  27.2  0.01   0.2   8.0   12:06   ESE
14  47.3  52.5   12:59  44.9   07:45   0.0  29.0  0.00   0.2   4.0   12:20   SSE
15  46.5  48.2   18:05  43.8   09:07   0.0  28.2  3.13   1.1  10.0   14:49     S
16  33.2  45.0   00:00  27.3   23:48   0.0  14.9  0.67   0.3   6.0   02:12   SSE
17  29.4  35.8   13:32  24.4   05:22   0.0  11.1  0.00   0.3   3.0   03:32     W
18  33.4  38.4   13:39  27.1   04:42   0.0  15.1  0.00   0.3   4.0   13:02   NNW
19  40.4  47.4   14:16  34.0   03:16   0.0  22.1  0.00   0.3   4.0   11:03    NW
20  50.6  58.7   10:37  43.5   01:49   0.0  32.3  0.00   0.5   6.0   09:57     W
21  48.1  48.1   00:00  48.1   00:00   0.0  29.8  0.00   0.0   0.0   00:00     N
22  46.3  51.8   11:54  38.7   23:50   0.0  28.0  0.00   0.0   3.0   11:36    SE
23  36.1  43.0   04:18  31.0   23:56   0.0  17.8  0.63   0.6  10.0   08:31   SSE
24  29.3  32.9   14:19  24.8   23:57   0.0  11.0  0.01   0.2   6.0   14:21    SE
25  26.8  32.1   13:27  21.6   05:04   0.0   8.5  0.00   0.2   5.0   08:15     E
26  33.6  40.9   14:16  26.9   05:17   0.0  15.4  0.00   0.4   5.0   21:41     W
27  44.6  50.4   13:55  37.5   04:06   0.0  26.3  0.24   0.6   4.0   03:37     W
28  50.5  55.7   12:19  46.2   01:34   0.0  32.2  0.00   0.3   4.0   12:06     W
29  53.4  60.7   11:06  49.6   04:04   0.0  35.1  0.00   0.3   4.0   04:43     S
30  47.3  51.9   10:43  37.3   23:43   0.0  29.0  0.00   0.1   3.0   05:25   SSW
31  38.2  46.9   12:23  33.7   04:23   0.0  19.9  0.00   0.2   4.0   07:38    SE
----------------------------------------------------------------------------------
    41.7  60.7    29    21.6    25     0.0 726.7  9.38   0.4  18.0     2     SSW

Max >=  27.0 31
Max <=   0.0  0
Min <=   0.0  0
Min <= -18.0  0
Max Rain: 3.50 on day 10
Days of Rain: 7 (>= 0.20 in)  2 (>= 2.00 in)  0 (>= 20.00 in)
Heat Base: 18.3  Cool Base: 18.3  Method: Integration

spacer wunderground wow PWS SWWN Image Map