NOAA-Style Climate Reports


Report for 2017
                   Annual Climatological Summary for 2017

Name: BLS Arnold,Ca   City: Arnold   State: CA
Elevation: 4200 ft  Lat: N 38 15 02   Lon: W 120 21 14

                  Temperature (°F), Heat Base: 18.3  Cool Base: 18.3
                          Dep.  Heat  Cool                       Max  Max  Min  Min
        Mean  Mean        From  Deg   Deg                        >=   <=   <=   <=
 YR MO  Max   Min   Mean  Norm  Days  Days  Hi  Date  Low  Date 27.0  0.0  0.0 -18.0
------------------------------------------------------------------------------------
 17  1  43.0  33.5  37.9   0.0     0   568  58.3  31  24.4   24   29    0    0    0
 17  2  46.4  36.4  41.1   0.0     0   635  61.0  14  23.5   24   28    0    0    0
 17  3  55.7  41.4  47.9   0.0     0   916  72.3  14  25.0    6   31    0    0    0
 17  4  57.4  42.3  49.0   0.0     0   901  70.1  30  30.7   14   23    0    0    0
 17  5  68.8  50.9  59.4   0.0     0  1272  84.9  23  36.1   13   31    0    0    0
 17  6  78.6  60.5  68.9   0.0     0  1001  93.5  22  33.9   12   30    0    0    0
 17  7  87.5  69.0  76.6   0.0     0  1809  94.4   7  64.2   21   31    0    0    0
 17  8  86.2  68.6  75.9   0.0     0  1786  95.7  28  59.1   16   31    0    0    0
 17  9  75.3  58.9  65.9   0.0     0  1428  96.4   2  40.6   22   30    0    0    0
 17 10  68.7  52.1  58.7   0.0     0   687  81.9  16  42.8    3   17    0    0    0
 17 11
 17 12
------------------------------------------------------------------------------------
        66.8  51.4  58.1   0.0     0 11003  96.4 Sep  23.5  Feb   57    0    0    0

                                Precipitation (in)

              Dep.   Max        Days of Rain
              From   Obs.           >=
 YR MO Total  Norm   Day Date 0.20 2.0020.00
---------------------------------------------
 17  1 22.45   0.0  5.09  10    13    4    0
 17  2 21.42   0.0  4.49  20    15    4    0
 17  3  3.97   0.0  1.59  21     5    0    0
 17  4  8.43   0.0  3.75  12     6    1    0
 17  5  0.33   0.0  0.16   6     0    0    0
 17  6  0.56   0.0  0.22  11     1    0    0
 17  7  0.00   0.0  0.00   0     0    0    0
 17  8  0.00   0.0  0.00   0     0    0    0
 17  9  0.50   0.0  0.19  20     0    0    0
 17 10  0.05   0.0  0.05   3     0    0    0
---------------------------------------------
       57.71   0.0  5.09  Jan   40    9    0

                                Wind Speed (mph)
                          Dom
 YR MO   Avg.  Hi   Date  Dir
------------------------------
 17  1   0.5  15.0   16   SSW
 17  2   0.7  18.0   17   SSE
 17  3   0.7  22.0   15    SE
 17  4   0.5  17.0   16   SSE
 17  5   0.6  12.0    3   SSE
 17  6   0.5  13.0   18   SSE
 17  7   0.1   8.0    2   SSE
 17  8   0.4  16.0   19    SE
 17  9   0.5  17.0   26    SE
 17 10   0.5  25.0    8   ESE
 17 11
 17 12
------------------------------
         0.5  25.0  Oct   SSE

spacer wunderground wow PWS SWWN Image Map