NOAA-Style Climate Reports


Report for 2017 January
                   Monthly Climatological Summary for Jan 2017

Name: BLS Arnold,Ca   City: Arnold   State: CA
Elevation: 4200 ft  Lat: N 38 15 02   Lon: W 120 21 14

                  Temperature (°F), Rain (in), Wind Speed (mph)

                                      Heat  Cool        Avg
    Mean                              Deg   Deg         Wind                 Dom
Day Temp  High   Time   Low    Time   Days  Days  Rain  Speed High   Time    Dir
----------------------------------------------------------------------------------
01  32.3  37.3   00:20  28.9   23:50   0.0  14.0  0.00   0.3   6.0   22:58   SSE
02  29.8  31.5   16:12  28.3   01:26   0.0  11.5  0.00   0.4   4.0   07:48     S
03  32.7  37.0   23:59  30.7   00:00   0.0  14.4  0.82   0.3   8.0   23:34     S
04  40.2  42.4   15:43  37.0   00:00   0.0  21.9  4.41   0.6   7.0   00:49    SW
05  33.7  39.0   00:30  28.8   23:00   0.0  15.4  0.27   0.1   6.0   10:58     E
06  34.8  40.7   15:14  28.5   01:49   0.0  16.6  0.00   0.3   7.0   04:39   ESE
07  42.3  46.8   22:47  33.4   04:01   0.0  24.0  2.18   0.9  12.0   02:24   SSE
08  47.6  49.8   10:43  45.0   01:59   0.0  29.3  3.25   1.7  11.0   04:16     S
09  39.5  46.5   00:05  35.0   12:41   0.0  21.2  1.89   0.8   9.0   00:00   SSW
10  37.5  42.9   21:54  33.0   11:43   0.0  19.2  5.09   1.7  12.0   22:46   SSE
11  34.8  40.1   00:01  32.5   23:56   0.0  16.5  1.37   0.4  10.0   02:40    SW
12  32.5  34.2   13:17  31.2   23:09   0.0  14.2  0.22   0.0   2.0   10:35     N
13  35.0  41.6   14:21  30.1   02:20   0.0  16.7  0.28   0.6   8.0   17:54   WSW
14  39.2  45.1   11:53  35.1   00:58   0.0  20.9  0.25   0.4   4.0   00:43   WNW
15  40.6  48.1   11:57  35.6   04:11   0.0  22.3  0.00   0.3   4.0   10:30     W
16  44.5  53.6   11:20  38.7   00:32   0.0  26.2  0.00   0.8  15.0   05:06     W
17  44.2  49.2   11:02  41.1   00:42   0.0  25.9  0.00   0.2   5.0   08:38   ESE
18  38.4  43.7   01:00  32.1   14:32   0.0  20.1  1.39   0.9  11.0   11:20   SSE
19  34.3  36.7   00:00  32.1   23:16   0.0  16.0  0.93   0.4   7.0   01:35    SW
20  31.9  33.0   14:35  30.1   22:48   0.0  13.6  0.07   0.2   7.0   02:48   SSE
23  29.8  32.3   12:58  26.6   23:45   0.0  10.9  0.01   0.0   2.0   13:12     N
24  28.5  33.3   13:11  24.4   04:17   0.0  10.3  0.01   0.3   8.0   23:27   WSW
25  30.4  36.4   13:14  25.8   03:11   0.0  12.1  0.00   0.1   3.0   00:04   WSW
26  33.0  39.1   11:53  28.8   23:58   0.0  14.7  0.01   0.9   8.0   19:03   SSE
27  35.6  43.4   13:16  28.7   00:03   0.0  17.3  0.00   0.5   8.0   01:06   WNW
28  44.8  52.0   12:54  34.7   00:00   0.0  26.5  0.00   0.5   4.0   01:28   WNW
29  48.6  55.0   12:06  44.0   03:17   0.0  30.3  0.00   0.4   4.0   03:10    NW
30  51.3  57.2   11:28  45.2   01:14   0.0  33.0  0.00   0.3   4.0   01:56   WSW
31  51.3  58.3   11:54  46.8   23:03   0.0  33.0  0.00   0.3   4.0   23:09    SW
----------------------------------------------------------------------------------
    37.9  58.3    31    24.4    24     0.0 568.0 22.45   0.5  15.0    16     SSW

Max >=  27.0 29
Max <=   0.0  0
Min <=   0.0  0
Min <= -18.0  0
Max Rain: 5.09 on day 10
Days of Rain: 13 (>= 0.20 in)  4 (>= 2.00 in)  0 (>= 20.00 in)
Heat Base: 18.3  Cool Base: 18.3  Method: Integration

spacer wunderground wow PWS SWWN Image Map