NOAA-Style Climate Reports


Report for 2017 February
                   Monthly Climatological Summary for Feb 2017

Name: BLS Arnold,Ca   City: Arnold   State: CA
Elevation: 4200 ft  Lat: N 38 15 02   Lon: W 120 21 14

                  Temperature (°F), Rain (in), Wind Speed (mph)

                                      Heat  Cool        Avg
    Mean                              Deg   Deg         Wind                 Dom
Day Temp  High   Time   Low    Time   Days  Days  Rain  Speed High   Time    Dir
----------------------------------------------------------------------------------
01  47.1  52.3   13:04  44.0   18:33   0.0  28.8  0.00   0.3  11.0   22:36     S
02  40.9  44.7   00:02  35.5   03:47   0.0  22.6  0.59   0.8  15.0   00:48   ESE
03  41.5  42.8   02:16  39.3   23:33   0.0  23.2  1.84   0.6   8.0   09:05   SSW
04  41.4  44.1   12:48  39.4   00:00   0.0  23.1  0.03   0.0   6.0   12:44    SE
05  41.4  49.6   11:26  37.6   21:41   0.0  23.1  0.66   0.9  11.0   19:18   SSE
06  40.7  43.2   14:06  37.6   23:28   0.0  23.8  2.36   2.0  12.0   22:22   SSE
07  46.8  49.2   20:57  39.2   00:00   0.0  26.9  2.92   0.7  11.0   05:19     S
08  49.6  51.4   15:51  47.8   22:15   0.0  31.3  2.06   0.2   6.0   08:39     S
09  47.9  51.4   10:14  43.7   23:59   0.0  29.6  1.71   0.9  11.0   09:44     S
10  42.0  44.6   12:30  36.0   23:43   0.0  23.7  1.26   0.3   5.0   01:29     S
11  42.1  49.3   13:31  33.8   07:08   0.0  23.8  0.00   1.8  16.0   18:43     E
12  47.6  59.6   12:05  40.9   06:26   0.0  29.3  0.00   1.1  15.0   06:49    SE
13  47.7  55.4   12:12  41.4   04:59   0.0  29.4  0.00   0.4   4.0   10:21    SW
14  51.2  61.0   12:25  44.2   06:44   0.0  32.9  0.00   0.2   5.0   12:34     S
15  53.9  60.1   12:13  49.0   00:08   0.0  35.6  0.00   0.3   7.0   01:06   ESE
16  45.8  52.7   04:04  39.1   08:09   0.0  27.5  0.26   0.9  14.0   08:08   SSE
17  40.6  43.0   00:52  39.1   07:24   0.0  22.3  0.83   2.1  18.0   16:02    SE
18  40.6  44.2   13:09  37.2   23:58   0.0  22.3  0.30   0.5   9.0   03:52   SSE
19  38.6  43.1   12:44  32.8   06:29   0.0  20.3  0.31   0.6   8.0   11:12   SSE
20  43.1  45.8   14:27  41.1   00:00   0.0  20.3  4.49   1.5  13.0   15:41     S
21  38.5  42.5   00:05  32.8   21:42   0.0  20.2  1.12   0.9  10.0   00:26    SW
22  32.5  37.5   12:03  26.6   23:56   0.0  14.2  0.24   0.2   8.0   13:43   SSE
23  27.9  33.5   12:18  24.6   22:13   0.0   9.6  0.03   0.2   6.0   11:14    SE
24  29.7  36.6   13:09  23.5   02:53   0.0  11.4  0.07   0.3   8.0   13:14    SE
25  33.1  40.8   12:30  27.0   05:14   0.0  14.8  0.03   0.3   8.0   11:44    SE
26  34.2  41.8   12:12  29.4   05:30   0.0  15.9  0.01   0.4   8.0   12:12     S
27  31.5  35.9   11:05  28.5   23:55   0.0  13.2  0.18   0.2   4.0   00:21    SE
28  33.9  42.3   12:12  26.9   03:52   0.0  15.6  0.12   0.5   6.0   12:30    SE
----------------------------------------------------------------------------------
    41.1  61.0    14    23.5    24     0.0 634.7 21.42   0.7  18.0    17     SSE

Max >=  27.0 28
Max <=   0.0  0
Min <=   0.0  0
Min <= -18.0  0
Max Rain: 4.49 on day 20
Days of Rain: 15 (>= 0.20 in)  4 (>= 2.00 in)  0 (>= 20.00 in)
Heat Base: 18.3  Cool Base: 18.3  Method: Integration

spacer wunderground wow PWS SWWN Image Map