NOAA-Style Climate Reports


Report for 2017 March
                   Monthly Climatological Summary for Mar 2017

Name: BLS Arnold,Ca   City: Arnold   State: CA
Elevation: 4200 ft  Lat: N 38 15 02   Lon: W 120 21 14

                  Temperature (°F), Rain (in), Wind Speed (mph)

                                      Heat  Cool        Avg
    Mean                              Deg   Deg         Wind                 Dom
Day Temp  High   Time   Low    Time   Days  Days  Rain  Speed High   Time    Dir
----------------------------------------------------------------------------------
01  40.8  49.4   12:25  33.2   01:28   0.0  22.5  0.09   0.3   6.0   12:05   SSW
02  47.5  56.2   12:36  40.1   00:38   0.0  29.2  0.00   0.3   6.0   12:02   SSE
03  49.7  57.6   11:22  43.3   22:25   0.0  31.4  0.00   0.3   7.0   14:00   SSE
04  43.2  50.1   11:44  38.6   23:59   0.0  24.9  0.00   0.7   8.0   12:20   SSE
05  29.6  38.6   00:00  26.0   19:55   0.0  11.3  0.46   0.2   8.0   01:35   WSW
06  29.7  34.4   15:28  25.0   05:07   0.0  11.4  0.15   0.8  11.0   05:14   SSE
07  39.8  46.4   15:59  29.8   00:00   0.0  21.5  0.00   0.1   3.0   01:36    SW
08  48.1  57.4   12:34  39.1   00:19   0.0  29.8  0.10   0.3   6.0   11:32   SSW
09  54.4  62.6   12:04  45.9   00:53   0.0  36.1  0.00   0.4   6.0   12:39   SSW
10  55.1  63.7   12:20  48.5   21:23   0.0  36.8  0.00   1.2   7.0   04:20   NNW
11  55.7  64.0   12:18  49.6   04:32   0.0  37.4  0.00   0.7   8.0   01:09   SSE
12  57.2  65.4   13:28  50.7   05:05   0.0  37.3  0.00   0.3   5.0   11:18   SSW
13  61.8  72.1   13:23  54.1   06:38   0.0  43.5  0.00   0.6   6.0   12:18   SSE
14  62.3  72.3   13:00  56.5   03:55   0.0  44.0  0.00   2.6  17.0   13:21   ESE
15  58.9  67.8   13:09  53.8   21:41   0.0  40.6  0.00   4.2  22.0   11:40    SE
16  57.1  64.1   13:30  51.5   01:52   0.0  38.9  0.00   0.6   7.0   00:11   ESE
17  58.1  68.8   13:15  51.9   00:56   0.0  39.8  0.00   0.3   5.0   12:06    SE
18  54.8  60.5   17:41  50.8   20:53   0.0  36.5  0.00   2.8  19.0   16:31    SE
19  55.6  64.0   13:56  51.4   20:53   0.0  37.3  0.00   0.3   7.0   13:39   SSE
20  50.4  54.9   10:48  45.1   23:34   0.0  32.1  0.21   0.4   6.0   15:27    SE
21  44.8  46.9   12:58  41.6   22:01   0.0  26.5  1.59   1.0  11.0   01:32   SSE
22  36.7  41.6   00:00  31.9   11:09   0.0  18.4  0.02   0.0   3.0   00:43    SE
23  39.5  49.2   12:53  31.4   06:28   0.0  21.2  0.00   0.0   0.0   00:00     N
24  39.1  43.1   07:05  34.5   14:44   0.0  20.8  0.75   0.0   0.0   00:00     N
25  43.0  50.7   13:36  38.6   07:21   0.0  24.7  0.00   0.0   0.0   00:00     N
26  42.7  48.9   14:27  36.9   23:56   0.0  24.4  0.08   0.2   6.0   14:04    SE
27  40.0  48.1   13:38  34.7   07:04   0.0  21.7  0.09   0.6   9.0   15:41   SSE
28  46.8  55.4   10:27  36.6   06:54   0.0  28.5  0.00   0.8   9.0   10:06    SW
29  53.5  65.8   13:40  44.8   01:58   0.0  35.3  0.00   0.4   6.0   14:39   SSE
30  42.8  49.6   01:33  34.3   23:56   0.0  24.4  0.43   1.1  13.0   15:27   SSE
31  46.2  57.8   13:33  32.5   02:36   0.0  27.9  0.00   0.1  10.0   03:42    SW
----------------------------------------------------------------------------------
    47.9  72.3    14    25.0     6     0.0 916.1  3.97   0.7  22.0    15     SSE

Max >=  27.0 31
Max <=   0.0  0
Min <=   0.0  0
Min <= -18.0  0
Max Rain: 1.59 on day 21
Days of Rain: 5 (>= 0.20 in)  0 (>= 2.00 in)  0 (>= 20.00 in)
Heat Base: 18.3  Cool Base: 18.3  Method: Integration

spacer wunderground wow PWS SWWN Image Map