NOAA-Style Climate Reports


Report for 2017 April
                   Monthly Climatological Summary for Apr 2017

Name: BLS Arnold,Ca   City: Arnold   State: CA
Elevation: 4200 ft  Lat: N 38 15 02   Lon: W 120 21 14

                  Temperature (°F), Rain (in), Wind Speed (mph)

                                      Heat  Cool        Avg
    Mean                              Deg   Deg         Wind                 Dom
Day Temp  High   Time   Low    Time   Days  Days  Rain  Speed High   Time    Dir
----------------------------------------------------------------------------------
01  53.5  62.0   14:05  43.4   06:25   0.0  35.2  0.00   0.5   9.0   04:02     S
02  55.7  64.7   13:09  49.7   05:52   0.0  37.4  0.00   0.5   7.0   14:53   SSE
10  45.9  58.5   10:40  43.4   21:16   0.0 221.3  0.00   0.0   6.0   10:07   ESE
11  46.3  50.7   14:54  42.5   10:00   0.0  28.0  0.01   0.5   8.0   12:02   SSE
12  49.2  57.2   15:06  43.7   23:55   0.0  30.9  3.75   0.7   8.0   13:44     S
13  36.7  43.7   00:00  33.2   09:23   0.0  18.4  1.52   0.3  10.0   05:29     S
14  39.5  49.9   14:32  30.7   06:43   0.0  21.2  0.40   0.5   7.0   15:44   SSE
15  50.1  59.5   13:53  40.3   00:37   0.0  31.8  0.00   0.4   6.0   14:37    SE
16  49.4  60.4   10:39  42.8   17:56   0.0  31.1  0.62   0.8  17.0   16:22    SE
17  47.0  50.7   13:53  44.3   00:00   0.0  28.7  1.21   0.2   7.0   10:53   SSE
18  45.1  49.1   17:12  40.8   23:59   0.0  26.8  0.76   0.1   4.0   13:19    SE
19  46.4  55.1   14:19  38.8   04:34   0.0  28.1  0.00   0.5   6.0   10:08     S
20  47.0  56.7   13:57  39.6   05:14   0.0  28.7  0.00   0.7   8.0   15:52   SSE
21  55.8  67.9   14:13  45.8   04:05   0.0  37.5  0.00   0.5   7.0   13:27   SSE
22  55.9  65.5   13:34  49.0   07:12   0.0  37.6  0.00   0.4   6.0   09:41    SE
23  51.3  59.9   10:42  42.9   22:19   0.0  33.0  0.00   0.4   6.0   10:04     S
24  44.8  48.9   13:35  39.9   07:02   0.0  26.5  0.03   0.2   6.0   13:06   SSE
25  47.3  56.2   13:21  39.2   01:38   0.0  29.0  0.00   0.9  10.0   13:00   SSE
26  49.2  51.4   11:31  46.5   23:57   0.0  30.9  0.12   0.2   4.0   11:06    SE
27  49.3  59.5   13:28  42.2   23:51   0.0  31.0  0.01   0.7   9.0   12:47   SSE
28  49.8  59.0   13:32  40.6   02:04   0.0  31.5  0.00   1.4  12.0   15:28    SE
29  54.0  64.4   14:55  43.7   02:15   0.0  35.7  0.00   1.1  11.0   05:12   ESE
30  58.7  70.1   14:45  48.9   02:50   0.0  40.4  0.00   0.7   8.0   12:43    SE
----------------------------------------------------------------------------------
    49.0  70.1    30    30.7    14     0.0 900.7  8.43   0.5  17.0    16     SSE

Max >=  27.0 23
Max <=   0.0  0
Min <=   0.0  0
Min <= -18.0  0
Max Rain: 3.75 on day 12
Days of Rain: 6 (>= 0.20 in)  1 (>= 2.00 in)  0 (>= 20.00 in)
Heat Base: 18.3  Cool Base: 18.3  Method: Integration

spacer wunderground wow PWS SWWN Image Map