NOAA-Style Climate Reports


Report for 2017 May
                   Monthly Climatological Summary for May 2017

Name: BLS Arnold,Ca   City: Arnold   State: CA
Elevation: 4200 ft  Lat: N 38 15 02   Lon: W 120 21 14

                  Temperature (°F), Rain (in), Wind Speed (mph)

                                      Heat  Cool        Avg
    Mean                              Deg   Deg         Wind                 Dom
Day Temp  High   Time   Low    Time   Days  Days  Rain  Speed High   Time    Dir
----------------------------------------------------------------------------------
01  64.7  76.2   13:22  55.3   01:30   0.0  45.5  0.00   1.2  10.0   07:32     S
02  67.2  76.2   09:56  59.8   05:48   0.0  48.9  0.00   0.5  10.0   22:46    SE
03  70.3  79.6   11:18  63.1   06:35   0.0  52.0  0.00   1.1  12.0   00:10   ESE
04  70.9  81.4   13:37  62.0   23:33   0.0  52.6  0.00   0.6   8.0   06:22    SE
05  61.1  70.5   11:35  47.7   22:56   0.0  42.8  0.00   0.3   7.0   14:04     S
06  45.1  48.5   11:40  41.3   09:35   0.0  26.8  0.16   0.4   6.0   10:37    SE
07  46.5  56.8   14:28  41.0   06:29   0.0  28.2  0.00   0.6   9.0   01:39     S
08  56.7  66.1   09:23  44.9   05:20   0.0  38.4  0.00   0.9  10.0   03:16     S
09  61.2  71.7   14:58  52.5   03:25   0.0  42.9  0.00   0.8   6.0   13:34   WSW
10  61.3  70.3   10:54  54.4   21:28   0.0  43.0  0.00   0.4   6.0   12:11     S
11  57.4  66.0   10:35  47.1   23:58   0.0  39.1  0.00   0.6   7.0   13:48   SSE
12  45.7  54.6   13:59  36.4   23:49   0.0  27.4  0.00   0.8   9.0   13:18   SSE
13  44.4  55.8   13:39  36.1   02:12   0.0  26.1  0.00   0.7   9.0   16:05   SSE
14  46.8  55.8   13:36  38.4   00:00   0.0  28.5  0.00   0.5   8.0   14:43   SSE
15  46.9  57.2   13:44  39.2   00:59   0.0  28.6  0.03   0.6   9.0   15:48   SSE
16  46.5  52.9   14:32  41.6   04:57   0.0  28.2  0.07   0.4   6.0   11:25   SSE
17  48.4  57.1   13:49  40.7   06:07   0.0  30.1  0.07   0.8  10.0   16:18   SSE
18  56.1  66.2   14:51  44.2   03:48   0.0  37.9  0.00   1.3  10.0   01:41   SSE
19  62.2  72.0   14:14  53.2   05:57   0.0  43.9  0.00   0.8  12.0   00:11    SE
20  65.5  76.6   13:58  56.7   03:27   0.0  47.2  0.00   0.6   8.0   14:00   SSE
21  68.2  78.8   14:08  58.1   00:50   0.0  49.9  0.00   0.6   6.0   08:41   SSE
22  72.3  82.4   13:20  63.0   02:47   0.0  54.0  0.00   0.5   7.0   06:24     S
23  74.0  84.9   13:22  65.6   04:42   0.0  55.7  0.00   0.6   6.0   12:27   SSE
24  68.1  79.0   12:29  59.4   23:59   0.0  49.8  0.00   0.3   7.0   12:25     S
25  59.5  68.7   10:48  50.2   23:26   0.0  41.2  0.00   0.5   7.0   10:06   SSE
26  54.6  61.9   10:24  49.2   04:50   0.0  36.3  0.00   0.6   7.0   17:47   SSE
27  58.1  68.4   15:04  48.3   06:39   0.0  39.8  0.00   0.3   6.0   09:16     S
28  66.8  77.4   14:50  57.0   04:29   0.0  48.5  0.00   0.5   7.0   11:55     S
29  68.4  78.9   14:39  61.2   06:31   0.0  50.1  0.00   0.4   7.0   12:35   SSE
30  67.8  77.0   12:59  58.7   22:50   0.0  49.5  0.00   0.3   5.0   12:18     S
31  57.6  64.8   15:19  51.9   23:10   0.0  39.3  0.00   0.3   8.0   11:29    SE
----------------------------------------------------------------------------------
    59.4  84.9    23    36.1    13     0.01272.2  0.33   0.6  12.0     3     SSE

Max >=  27.0 31
Max <=   0.0  0
Min <=   0.0  0
Min <= -18.0  0
Max Rain: 0.16 on day 6
Days of Rain: 0 (>= 0.20 in)  0 (>= 2.00 in)  0 (>= 20.00 in)
Heat Base: 18.3  Cool Base: 18.3  Method: Integration

spacer wunderground wow PWS SWWN Image Map