NOAA-Style Climate Reports


Report for 2017 July
                   Monthly Climatological Summary for Jul 2017

Name: BLS Arnold,Ca   City: Arnold   State: CA
Elevation: 4200 ft  Lat: N 38 15 02   Lon: W 120 21 14

                  Temperature (°F), Rain (in), Wind Speed (mph)

                                      Heat  Cool        Avg
    Mean                              Deg   Deg         Wind                 Dom
Day Temp  High   Time   Low    Time   Days  Days  Rain  Speed High   Time    Dir
----------------------------------------------------------------------------------
01  72.6  82.5   13:23  65.0   05:24   0.0  54.3  0.00   0.4   6.0   07:22   SSE
02  74.1  84.1   13:14  67.0   05:59   0.0  55.8  0.00   0.2   8.0   12:16   SSE
03  74.1  84.2   15:05  67.4   06:20   0.0  57.6  0.00   0.2   7.0   13:58    SE
04  75.4  86.0   13:40  67.7   05:27   0.0  57.1  0.00   0.4   7.0   12:19   SSE
05  77.7  88.0   14:43  69.8   03:27   0.0  59.4  0.00   0.2   7.0   13:16     S
06  79.5  91.8   13:14  71.6   20:37   0.0  61.2  0.00   0.0   0.0   00:00     N
07  81.1  94.4   13:11  72.2   04:52   0.0  62.8  0.00   0.2   8.0   16:04     S
08  81.1  92.6   13:17  73.1   20:46   0.0  62.8  0.00   0.0   2.0   00:00   WNW
09  81.3  92.3   12:55  74.1   23:58   0.0  63.0  0.00   0.0   1.0   13:35     N
10  79.2  89.9   13:38  72.1   21:05   0.0  61.0  0.00   0.0   0.0   00:00     N
11  76.6  87.4   13:11  68.8   05:31   0.0  58.3  0.00   0.0   0.0   00:00     N
12  75.5  86.3   13:32  68.2   04:47   0.0  57.2  0.00   0.0   0.0   00:00     N
13  76.1  86.7   13:55  69.5   00:52   0.0  57.8  0.00   0.0   0.0   00:00     N
14  76.5  86.7   13:41  70.0   05:45   0.0  58.2  0.00   0.0   0.0   00:00     N
15  77.9  89.9   13:24  69.8   05:47   0.0  59.6  0.00   0.0   0.0   00:00     N
16  79.7  91.8   13:18  71.9   02:44   0.0  61.4  0.00   0.0   0.0   00:00     N
17  78.4  90.3   13:31  68.8   23:51   0.0  60.1  0.00   0.0   0.0   00:00     N
18  73.4  84.2   13:28  65.6   05:43   0.0  55.1  0.00   0.0   0.0   00:00     N
19  72.0  80.6   09:51  66.4   20:56   0.0  53.7  0.00   0.0   0.0   00:00     N
20  71.9  83.7   14:10  64.3   04:24   0.0  53.6  0.00   0.0   0.0   00:00     N
21  72.9  84.8   13:17  64.2   05:44   0.0  54.6  0.00   0.0   0.0   00:00     N
22  76.2  87.6   14:23  67.1   01:09   0.0  57.9  0.00   0.0   0.0   00:00     N
23  78.3  90.3   14:07  71.5   05:53   0.0  60.0  0.00   0.0   0.0   00:00     N
24  76.6  85.6   12:47  69.4   23:25   0.0  58.3  0.00   0.0   0.0   00:00     N
25  74.1  83.9   12:50  67.4   05:44   0.0  55.8  0.00   0.0   0.0   00:00     N
26  74.4  84.4   14:03  67.6   01:06   0.0  56.1  0.00   0.0   0.0   00:00     N
27  75.9  87.1   14:31  67.5   03:40   0.0  57.6  0.00   0.0   0.0   00:00     N
28  77.3  88.2   12:42  70.4   00:28   0.0  59.0  0.00   0.0   0.0   00:00     N
29  77.4  88.5   12:51  70.6   05:51   0.0  59.1  0.00   0.0   0.0   00:00     N
30  78.0  89.1   13:07  70.1   04:04   0.0  59.7  0.00   0.0   0.0   00:00     N
31  79.3  90.6   13:52  71.2   00:49   0.0  61.1  0.00   0.1   7.0   14:45    SW
----------------------------------------------------------------------------------
    76.6  94.4     7    64.2    21     0.01809.2  0.00   0.1   8.0     2     SSE

Max >=  27.0 31
Max <=   0.0  0
Min <=   0.0  0
Min <= -18.0  0
Max Rain: 0.00 on day 0
Days of Rain: 0 (>= 0.20 in)  0 (>= 2.00 in)  0 (>= 20.00 in)
Heat Base: 18.3  Cool Base: 18.3  Method: Integration

spacer wunderground wow PWS SWWN Image Map