NOAA-Style Climate Reports


Report for 2017 September
                   Monthly Climatological Summary for Sep 2017

Name: BLS Arnold,Ca   City: Arnold   State: CA
Elevation: 4200 ft  Lat: N 38 15 02   Lon: W 120 21 14

                  Temperature (°F), Rain (in), Wind Speed (mph)

                                      Heat  Cool        Avg
    Mean                              Deg   Deg         Wind                 Dom
Day Temp  High   Time   Low    Time   Days  Days  Rain  Speed High   Time    Dir
----------------------------------------------------------------------------------
01  82.8  95.7   12:53  75.7   00:09   0.0  64.5  0.00   0.6   9.0   08:52   ESE
02  84.9  96.4   13:14  76.7   00:02   0.0  66.6  0.00   0.4   6.0   08:07    SE
03  83.1  91.9   12:50  77.0   23:59   0.0  64.8  0.00   0.2   5.0   11:22    SE
04  78.4  90.8   08:53  69.4   23:30   0.0  60.1  0.00   0.3   8.0   07:41     S
05  74.7  80.5   08:36  69.3   22:43   0.0  56.4  0.00   0.2   4.0   10:54    SE
06  72.2  81.7   13:16  66.1   23:44   0.0  53.9  0.00   0.3   7.0   13:18     S
07  68.4  77.4   12:36  61.9   06:31   0.0  50.1  0.00   0.4   7.0   10:31    SE
08  68.1  77.1   12:38  62.1   00:10   0.0  49.8  0.00   0.4   8.0   11:50    SE
09  69.7  78.6   12:52  62.2   06:16   0.0  51.4  0.00   0.3   7.0   12:30   SSE
10  73.5  83.2   12:08  65.3   04:40   0.0  55.2  0.00   0.4   6.0   12:17    SE
11  76.1  89.8   13:02  62.0   20:54   0.0  57.8  0.08   1.0  15.0   22:00   ESE
12  73.1  82.3   12:22  66.1   00:11   0.0  54.8  0.00   0.6   8.0   00:11    SE
13  69.4  78.0   12:14  61.6   23:41   0.0  51.1  0.00   0.5   7.0   13:49    SE
14  61.3  67.9   09:04  55.0   21:49   0.0  43.0  0.00   0.4   6.0   08:46   SSE
15  59.7  69.4   12:46  53.4   04:22   0.0  41.4  0.00   0.4   6.0   08:00   SSE
16  63.8  73.3   12:27  56.8   04:31   0.0  45.5  0.00   0.4   7.0   11:37    SE
17  64.1  73.5   13:11  57.5   05:53   0.0  45.8  0.00   0.4   8.0   12:29    SE
18  61.8  71.7   12:25  55.2   22:52   0.0  43.5  0.00   0.4   7.0   09:32   SSE
19  56.5  65.4   12:30  50.0   06:36   0.0  38.2  0.00   0.3   7.0   12:26   SSE
20  55.2  64.0   12:22  46.2   23:58   0.0  36.9  0.19   0.4   7.0   12:49   SSE
21  44.7  48.8   12:12  40.8   23:59   0.0  26.4  0.11   0.1   6.0   09:59    SE
22  46.3  52.6   08:40  40.6   00:03   0.0  28.0  0.05   0.6  12.0   22:51     E
23  52.1  62.1   12:14  44.1   06:18   0.0  33.8  0.04   1.4  16.0   00:31   ESE
24  55.7  66.1   12:29  48.3   06:19   0.0  37.4  0.03   1.0   9.0   01:10   ESE
25  59.9  68.8   12:33  52.0   06:17   0.0  41.6  0.00   0.9  15.0   22:19   ESE
26  64.6  73.9   12:34  58.7   05:12   0.0  46.3  0.00   2.1  17.0   06:44     E
27  65.3  75.9   12:25  58.4   05:51   0.0  47.0  0.00   0.8  15.0   00:03   ESE
28  65.6  76.4   12:37  59.5   06:16   0.0  47.3  0.00   0.4   7.0   11:33   SSE
29  64.8  73.9   12:46  59.2   23:57   0.0  46.5  0.00   0.2   6.0   11:00    SE
30  61.5  70.7   12:22  56.0   05:18   0.0  43.2  0.00   0.3   7.0   12:40    SE
----------------------------------------------------------------------------------
    65.9  96.4     2    40.6    22     0.01428.3  0.50   0.5  17.0    26      SE

Max >=  27.0 30
Max <=   0.0  0
Min <=   0.0  0
Min <= -18.0  0
Max Rain: 0.19 on day 20
Days of Rain: 0 (>= 0.20 in)  0 (>= 2.00 in)  0 (>= 20.00 in)
Heat Base: 18.3  Cool Base: 18.3  Method: Integration

spacer wunderground wow PWS SWWN Image Map