NOAA-Style Climate Reports


Report for 2017 October
                   Monthly Climatological Summary for Oct 2017

Name: BLS Arnold,Ca   City: Arnold   State: CA
Elevation: 4200 ft  Lat: N 38 15 02   Lon: W 120 21 14

                  Temperature (°F), Rain (in), Wind Speed (mph)

                                      Heat  Cool        Avg
    Mean                              Deg   Deg         Wind                 Dom
Day Temp  High   Time   Low    Time   Days  Days  Rain  Speed High   Time    Dir
----------------------------------------------------------------------------------
01  58.4  69.8   12:22  50.9   21:00   0.0  40.1  0.00   0.5  14.0   22:44    SE
02  53.3  62.1   11:56  47.7   06:04   0.0  35.0  0.00   0.7  12.0   00:16   ESE
03  47.8  57.7   11:00  42.8   14:37   0.0  29.5  0.05   0.9  18.0   15:52     E
04  52.5  61.9   13:52  44.0   03:17   0.0  34.2  0.00   0.3   7.0   04:30   SSE
05  57.2  67.4   12:22  49.4   05:07   0.0  38.9  0.00   0.3   6.0   14:16   SSE
06  63.5  72.5   12:17  54.9   01:01   0.0  45.2  0.00   0.3   8.0   02:37    SE
07  66.1  77.5   12:11  60.4   03:40   0.0  47.9  0.00   0.2   5.0   11:46   SSE
08  62.5  73.3   12:12  53.0   22:21   0.0  44.2  0.00   1.4  25.0   21:50   ESE
09  58.9  68.7   12:48  53.5   02:54   0.0  40.6  0.00   1.5  25.0   00:42   ESE
10  58.8  68.8   12:16  52.9   05:23   0.0  40.5  0.00   0.4   8.0   12:31   ESE
11  55.4  62.8   11:37  47.9   20:06   0.0  37.1  0.00   0.3   6.0   11:13   SSE
12  53.7  62.3   13:10  48.1   06:33   0.0  35.4  0.00   0.3   8.0   11:23    SE
13  55.3  65.3   11:56  49.6   04:50   0.0  37.0  0.00   0.3   7.0   14:17    SE
14  59.0  66.8   13:42  52.1   06:17   0.0  40.7  0.00   0.1   4.0   10:51   SSE
15  63.9  74.1   11:52  57.5   05:48   0.0  45.6  0.00   0.2   5.0   13:50   ESE
16  66.9  81.9   13:43  61.0   06:22   0.0  48.6  0.00   0.3   5.0   07:37    SE
17  64.9  74.6   12:09  59.8   20:24   0.0  46.7  0.00   0.2   6.0   11:00   SSE
18  62.3  70.8   12:14  56.8   23:59   0.0  44.0  0.00   0.2   5.0   10:36   SSE
19  56.7  66.3   11:51  48.6   23:24   0.0  38.4  0.00   0.3   5.0   11:02   SSE
20  41.9  48.7   00:20  36.3   06:44   0.0  23.6  0.63   0.2   7.0   01:41   SSE
21  48.5  59.5   12:27  39.1   04:42   0.0  30.2  0.00   0.4   5.0   11:30   SSW
22  59.1  69.3   12:17  48.8   00:17   0.0  40.8  0.00   0.2   6.0   13:05   WSW
23  70.5  79.7   11:51  63.3   06:34   0.0  52.2  0.00   0.9  13.0   20:48   ESE
24  73.1  82.7   11:53  67.1   23:55   0.0  54.8  0.00   0.7  11.0   02:20     E
25  69.4  77.8   12:40  64.9   23:54   0.0  51.1  0.00   0.1   4.0   09:46     S
26  68.1  76.5   11:46  63.4   06:34   0.0  49.8  0.00   0.2   5.0   11:17     S
27  67.3  75.4   11:54  62.7   06:15   0.0  49.0  0.00   0.1   5.0   11:27    SE
28  67.3  75.3   11:50  63.0   05:15   0.0  49.0  0.00   0.1   4.0   07:09   ESE
29  65.6  74.7   12:14  60.5   23:12   0.0  47.3  0.00   0.1   4.0   07:46    SE
30  58.5  65.7   11:14  51.7   19:09   0.0  40.2  0.00   0.1   4.0   07:29   SSE
31  51.6  56.0   11:15  46.4   18:54   0.0  33.3  0.00   0.2   5.0   11:34   SSW
----------------------------------------------------------------------------------
    59.9  82.7    24    36.3    20     0.01290.9  0.68   0.4  25.0     8      SE

Max >=  27.0 31
Max <=   0.0  0
Min <=   0.0  0
Min <= -18.0  0
Max Rain: 0.63 on day 20
Days of Rain: 1 (>= 0.20 in)  0 (>= 2.00 in)  0 (>= 20.00 in)
Heat Base: 18.3  Cool Base: 18.3  Method: Integration

spacer wunderground wow PWS SWWN Image Map