NOAA-Style Climate Reports


Report for 2017 November
                   Monthly Climatological Summary for Nov 2017

Name: BLS Arnold,Ca   City: Arnold   State: CA
Elevation: 4200 ft  Lat: N 38 15 02   Lon: W 120 21 14

                  Temperature (°F), Rain (in), Wind Speed (mph)

                                      Heat  Cool        Avg
    Mean                              Deg   Deg         Wind                 Dom
Day Temp  High   Time   Low    Time   Days  Days  Rain  Speed High   Time    Dir
----------------------------------------------------------------------------------
01  50.8  59.0   11:41  44.8   23:50   0.0  32.5  0.00   0.2   5.0   12:04   SSW
02  46.4  49.6   12:53  44.7   00:17   0.0  28.1  0.10   0.0   3.0   12:16    SE
03  43.4  45.2   00:01  42.2   03:28   0.0  25.1  0.40   0.1   9.0   11:37     S
04  43.4  46.8   15:14  40.2   06:17   0.0  25.1  0.12   0.2   6.0   01:50     S
05  42.2  44.5   13:19  39.9   23:54   0.0  24.9  0.00   0.1   5.0   10:17   SSE
06  42.2  48.7   12:23  38.2   06:17   0.0  23.9  0.01   0.1   4.0   07:11   ESE
07  47.5  56.8   11:08  39.4   02:21   0.0  29.2  0.00   0.1   6.0   11:09   ESE
08  50.4  55.4   11:13  47.3   00:12   0.0  32.1  0.00   0.5   9.0   23:57     S
09  47.2  50.4   00:00  44.8   23:52   0.0  28.9  0.83   0.4   8.0   00:37     S
10  45.6  51.5   12:12  42.5   23:23   0.0  27.3  0.00   0.1   5.0   12:18   SSE
11  46.2  53.2   12:41  41.9   06:05   0.0  27.9  0.00   0.1   4.0   06:22   ESE
12  46.5  52.8   11:19  43.0   00:26   0.0  28.2  0.00   0.1   6.0   10:44    SE
13  48.2  54.4   13:10  42.8   02:54   0.0  30.0  0.18   0.1   5.0   13:18   ESE
14  47.9  53.7   11:12  44.0   05:45   0.0  29.6  0.07   0.1   4.0   10:15    SE
15  47.5  50.3   14:13  44.3   10:07   0.0  29.2  0.17   0.5  13.0   06:08     E
16  45.8  48.3   17:14  43.5   23:49   0.0  27.5  3.38   0.8   8.0   08:32     S
17  41.8  46.0   13:23  36.9   06:40   0.0  23.5  0.16   0.1   6.0   07:30    SE
18  46.0  55.0   11:20  37.4   06:29   0.0  27.7  0.00   0.1   4.0   07:15     S
19  48.5  55.2   10:45  43.7   02:28   0.0  30.2  0.00   0.1   5.0   10:00     E
20  50.9  54.4   11:21  47.1   03:49   0.0  32.6  0.06   0.2   7.0   20:44   ESE
21  60.2  67.6   11:54  50.3   00:03   0.0  41.9  0.00   0.2   4.0   01:44     S
22  65.4  72.2   11:57  59.9   01:54   0.0  47.1  0.00   0.2   7.0   06:38     E
23  62.2  69.0   11:19  56.1   23:57   0.0  43.9  0.00   0.1   4.0   03:08    NE
24  56.7  62.2   11:39  53.2   05:38   0.0  38.4  0.00   0.2   4.0   12:31    SW
25  61.6  68.5   11:18  55.5   00:00   0.0  43.3  0.00   0.1   6.0   05:42   SSE
26  53.8  60.4   00:00  41.0   23:58   0.0  35.5  1.34   0.5   6.0   09:56     S
27  36.9  41.0   00:00  32.1   06:14   0.0  18.6  0.62   0.3   7.0   01:10    SW
28  42.7  50.1   12:11  35.2   01:31   0.0  24.4  0.05   0.3   4.0   10:05     E
29  47.6  54.1   11:35  42.4   03:03   0.0  29.3  0.00   0.2   5.0   23:14    SW
30  49.7  56.3   10:38  45.1   21:52   0.0  31.4  0.00   0.5   4.0   00:01   WNW
----------------------------------------------------------------------------------
    48.8  72.2    22    32.1    27     0.0 917.3  7.49   0.2  13.0    15     SSE

Max >=  27.0 30
Max <=   0.0  0
Min <=   0.0  0
Min <= -18.0  0
Max Rain: 3.38 on day 16
Days of Rain: 5 (>= 0.20 in)  1 (>= 2.00 in)  0 (>= 20.00 in)
Heat Base: 18.3  Cool Base: 18.3  Method: Integration

spacer wunderground wow PWS SWWN Image Map