NOAA-Style Climate Reports


Report for 2017 December
                   Monthly Climatological Summary for Dec 2017

Name: BLS Arnold,Ca   City: Arnold   State: CA
Elevation: 4200 ft  Lat: N 38 15 02   Lon: W 120 21 14

                  Temperature (°F), Rain (in), Wind Speed (mph)

                                      Heat  Cool        Avg
    Mean                              Deg   Deg         Wind                 Dom
Day Temp  High   Time   Low    Time   Days  Days  Rain  Speed High   Time    Dir
----------------------------------------------------------------------------------
01  48.9  54.9   10:46  44.7   00:58   0.0  30.6  0.00   0.2   4.0   06:46     S
02  48.3  54.7   10:33  43.4   22:45   0.0  30.0  0.00   0.0   4.0   10:32   SSE
03  37.3  43.4   00:00  32.6   17:41   0.0  19.0  0.25   0.7  15.0   22:08   ESE
04  39.5  45.8   11:07  34.4   04:21   0.0  21.3  0.00   2.2  29.0   14:24     E
06  54.2  55.2   21:44  40.0   00:00   0.0  71.7  0.00   1.1   8.0   18:22     E
07  54.9  61.9   08:38  47.6   03:22   0.0  36.6  0.00   0.8  14.0   14:20   NNE
08  54.3  60.9   08:12  50.4   01:06   0.0  36.0  0.00   0.2   3.0   03:00   WSW
09  56.0  63.4   12:38  51.5   04:39   0.0  37.7  0.00   0.3   4.0   08:58    SW
10  55.9  62.3   12:11  51.4   23:45   0.0  37.6  0.00   0.1   3.0   02:40    SE
11  54.6  61.8   11:56  49.2   01:18   0.0  36.3  0.00   0.0   3.0   10:52    SW
12  55.5  63.1   11:57  52.5   03:00   0.0  37.2  0.00   0.0   4.0   22:35   ESE
13  56.9  63.3   12:27  50.9   07:27   0.0  38.6  0.00   0.3  13.0   23:22    SE
14  60.4  67.0   09:48  57.1   03:24   0.0  42.1  0.00   0.6   9.0   02:39   SSE
15  55.7  61.2   12:48  47.7   22:52   0.0  37.4  0.00   0.3   7.0   08:30     E
16  43.6  49.8   00:06  37.3   22:41   0.0  25.3  0.00   2.1  23.0   07:56     E
17  41.0  47.4   14:01  33.9   07:31   0.0  22.7  0.00   0.3  10.0   00:14    SW
18  45.5  51.3   12:52  41.4   06:57   0.0  27.2  0.00   0.0   3.0   10:54   ESE
19  47.3  52.9   11:53  43.8   21:35   0.0  29.0  0.00   0.0   6.0   02:02   SSE
20  33.5  44.4   00:00  28.5   23:29   0.0  15.1  0.14   0.5   9.0   20:38   SSE
21  34.7  42.6   11:02  28.4   00:16   0.0  16.4  0.02   1.3  16.0   04:46     E
22  41.0  47.1   11:42  32.6   02:16   0.0  22.7  0.08   0.1   4.0   10:32    NW
23  48.2  54.3   13:46  41.2   06:12   0.0  29.9  0.00   0.1   4.0   12:41    NE
24  50.2  54.5   11:43  45.6   19:42   0.0  31.9  0.00   0.4   6.0   16:54     W
25  50.3  58.3   12:47  46.1   06:43   0.0  32.0  0.00   0.1   4.0   10:50    SW
26  49.3  56.0   11:43  45.0   06:12   0.0  31.0  0.00   0.1   4.0   12:34   WSW
27  51.5  57.3   12:09  46.1   07:38   0.0  33.2  0.00   0.3   4.0   00:16     W
28  56.5  63.3   12:54  49.4   01:13   0.0  38.2  0.00   0.3   5.0   23:42    NW
29  59.2  65.3   12:40  56.2   22:02   0.0  40.9  0.00   0.3   4.0   04:34     S
30  56.7  63.1   12:39  53.4   23:57   0.0  38.4  0.00   0.3   3.0   01:36   SSW
31  54.8  60.2   12:58  51.9   06:59   0.0  36.5  0.00   0.0   3.0   01:56   ESE
----------------------------------------------------------------------------------
    49.9  67.0    14    28.4    21     0.0 982.5  0.49   0.6  29.0     4     ESE

Max >=  27.0 30
Max <=   0.0  0
Min <=   0.0  0
Min <= -18.0  0
Max Rain: 0.25 on day 3
Days of Rain: 1 (>= 0.20 in)  0 (>= 2.00 in)  0 (>= 20.00 in)
Heat Base: 18.3  Cool Base: 18.3  Method: Integration

spacer wunderground wow PWS SWWN Image Map