NOAA-Style Climate Reports


Report for 2018 January
                   Monthly Climatological Summary for Jan 2018

Name: BLS Arnold,Ca   City: Arnold   State: CA
Elevation: 4200 ft  Lat: N 38 15 02   Lon: W 120 21 14

                  Temperature (°F), Rain (in), Wind Speed (mph)

                                      Heat  Cool        Avg
    Mean                              Deg   Deg         Wind                 Dom
Day Temp  High   Time   Low    Time   Days  Days  Rain  Speed High   Time    Dir
----------------------------------------------------------------------------------
01  55.1  60.1   13:13  51.0   01:43   0.0  36.8  0.00   0.1   4.0   07:46   NNE
02  56.8  62.0   12:55  54.3   00:01   0.0  38.5  0.00   0.0   3.0   01:49   ESE
03  56.0  59.7   10:23  52.6   17:23   0.0  37.7  0.00   0.2   6.0   17:45     E
04  49.1  55.5   13:38  42.3   04:12   0.0  30.8  0.35   0.3  12.0   03:03   ESE
05  50.1  55.8   11:55  47.5   02:56   0.0  31.8  0.07   0.1   6.0   10:36    SE
06  46.2  48.6   00:05  40.2   23:53   0.0  27.9  1.49   0.1   6.0   22:00    SE
07  45.7  50.4   12:30  40.2   00:00   0.0  27.4  0.00   0.2   6.0   02:06     E
08  46.1  49.0   00:34  41.2   05:35   0.0  27.8  2.15   0.6  10.0   23:10   SSE
09  44.2  48.2   12:11  40.4   23:43   0.0  25.9  0.63   0.4   8.0   12:38   SSE
10  41.4  43.8   16:00  40.1   02:42   0.0  23.1  0.14   0.1   3.0   19:27     W
11  46.0  52.6   14:51  39.5   02:14   0.0  27.7  0.00   0.0   0.0   00:00     N
12  49.4  55.4   23:17  44.6   07:40   0.0  31.1  0.00   0.3   6.0   22:43   WSW
13  56.5  62.4   11:57  53.4   23:55   0.0  38.2  0.00   0.4   9.0   00:05   ESE
14  56.1  61.1   12:53  53.1   00:32   0.0  37.8  0.00   0.1   5.0   21:03   ESE
15  53.5  59.4   12:32  48.8   21:39   0.0  35.2  0.00   0.3   9.0   00:42     E
16  51.4  56.2   12:09  48.5   02:52   0.0  33.1  0.00   0.1   4.0   07:41   ESE
17  53.7  61.8   13:25  49.2   00:00   0.0  35.4  0.00   0.0   5.0   12:01     S
18  49.9  56.2   11:47  38.6   23:49   0.0  31.6  0.68   0.3   6.0   14:20   SSE
19  34.0  38.9   12:25  29.1   23:58   0.0  15.7  0.23   0.1   7.0   00:22    SE
20  33.3  41.2   13:12  28.8   05:17   0.0  15.0  0.02   0.3   6.0   09:03    SE
21  36.4  44.3   12:06  30.1   02:25   0.0  18.1  0.02   0.1   4.0   09:53    SE
22  38.4  42.6   13:46  34.1   08:28   0.0  20.1  0.07   0.4   8.0   06:26     E
23  42.8  50.3   12:28  35.0   02:09   0.0  24.5  0.00   0.2   4.0   01:58    NE
24  42.8  49.6   13:22  32.9   22:26   0.0  24.5  0.31   0.4   7.0   11:16     S
25  31.7  34.7   14:05  28.6   07:23   0.0  13.4  0.23   0.0   3.0   00:56     W
26  33.4  39.0   15:55  28.3   06:02   0.0  15.1  0.11   0.0   3.0   11:44    SW
27  43.1  50.3   23:35  34.8   00:00   0.0  24.8  0.31   0.5   7.0   12:52   WSW
28  56.1  64.2   12:00  48.6   00:47   0.0  37.8  0.00   0.6   4.0   05:19     W
29  57.6  65.2   12:19  51.5   00:00   0.0  39.3  0.00   0.2   7.0   01:08     S
30  57.8  64.6   13:09  53.6   20:27   0.0  39.5  0.00   0.1   4.0   12:17   WSW
31  54.9  62.4   11:57  50.2   07:14   0.0  36.6  0.00   0.1   3.0   10:15   SSE
----------------------------------------------------------------------------------
    47.4  65.2    29    28.3    26     0.0 902.2  6.81   0.2  12.0     4     SSE

Max >=  27.0 31
Max <=   0.0  0
Min <=   0.0  0
Min <= -18.0  0
Max Rain: 2.15 on day 8
Days of Rain: 9 (>= 0.20 in)  1 (>= 2.00 in)  0 (>= 20.00 in)
Heat Base: 18.3  Cool Base: 18.3  Method: Integration

spacer wunderground wow PWS SWWN Image Map